{"id":80595,"date":"2025-11-28T10:17:51","date_gmt":"2025-11-28T09:17:51","guid":{"rendered":"https:\/\/www.hirtenberg-apotheke.at\/katalog\/produkt\/heliocare-360-pediatrics-atopic-lotion-spray-spf-50-250-ml\/"},"modified":"2025-11-28T10:18:25","modified_gmt":"2025-11-28T09:18:25","slug":"heliocare-360-pediatrics-atopic-lotion-spray-spf-50-250-ml","status":"publish","type":"product","link":"https:\/\/www.hirtenberg-apotheke.at\/katalog\/produkt\/heliocare-360-pediatrics-atopic-lotion-spray-spf-50-250-ml\/","title":{"rendered":"Heliocare 360\u00b0 Pediatrics Atopic Lotion Spray SPF 50 250 ml"},"content":{"rendered":"<p>Heliocare 360\u00b0 Pediatrics Atopic Lotion Spray SPF 50 ist ein 360\u00b0 Photoimmunschutz f\u00fcr den K\u00f6rper und ist besonders f\u00fcr Baby- und Kinderhaut ideal. Der Heliocare 360\u00b0 Pediatrics Atopic Lotion Spray SPF 50 enth\u00e4lt keine Parabene, ist frei von allergenen Duftstoffen und Alkohol und ist somit geeignet f\u00fcr Babies ab 3 Monaten und Kinder.<\/p>\n","protected":false},"excerpt":{"rendered":"<p>Heliocare 360\u00b0 Pediatrics Atopic Lotion Spray SPF 50 ist ein 360\u00b0 Photoimmunschutz f\u00fcr den K\u00f6rper und ist besonders f\u00fcr Baby- und Kinderhaut ideal. Der Heliocare 360\u00b0 Pediatrics Atopic Lotion Spray SPF 50 enth\u00e4lt keine Parabene, ist frei von allergenen Duftstoffen und Alkohol und ist somit geeignet f\u00fcr Babies ab 3 Monaten und Kinder.<\/p>\n","protected":false},"featured_media":80597,"template":"","meta":{"_acf_changed":false},"product_brand":[1016],"product_cat":[330],"product_tag":[],"class_list":{"0":"post-80595","1":"product","2":"type-product","3":"status-publish","4":"has-post-thumbnail","6":"product_brand-heliocare","7":"product_cat-h","8":"pa_packungsgroesse-250ml","10":"first","11":"instock","12":"shipping-taxable","13":"purchasable","14":"product-type-simple"},"acf":[],"_links":{"self":[{"href":"https:\/\/www.hirtenberg-apotheke.at\/katalog\/wp-json\/wp\/v2\/product\/80595","targetHints":{"allow":["GET"]}}],"collection":[{"href":"https:\/\/www.hirtenberg-apotheke.at\/katalog\/wp-json\/wp\/v2\/product"}],"about":[{"href":"https:\/\/www.hirtenberg-apotheke.at\/katalog\/wp-json\/wp\/v2\/types\/product"}],"wp:featuredmedia":[{"embeddable":true,"href":"https:\/\/www.hirtenberg-apotheke.at\/katalog\/wp-json\/wp\/v2\/media\/80597"}],"wp:attachment":[{"href":"https:\/\/www.hirtenberg-apotheke.at\/katalog\/wp-json\/wp\/v2\/media?parent=80595"}],"wp:term":[{"taxonomy":"product_brand","embeddable":true,"href":"https:\/\/www.hirtenberg-apotheke.at\/katalog\/wp-json\/wp\/v2\/product_brand?post=80595"},{"taxonomy":"product_cat","embeddable":true,"href":"https:\/\/www.hirtenberg-apotheke.at\/katalog\/wp-json\/wp\/v2\/product_cat?post=80595"},{"taxonomy":"product_tag","embeddable":true,"href":"https:\/\/www.hirtenberg-apotheke.at\/katalog\/wp-json\/wp\/v2\/product_tag?post=80595"}],"curies":[{"name":"wp","href":"https:\/\/api.w.org\/{rel}","templated":true}]}}