{"id":83059,"date":"2025-11-28T12:53:47","date_gmt":"2025-11-28T11:53:47","guid":{"rendered":"https:\/\/www.hirtenberg-apotheke.at\/katalog\/produkt\/eucerin-dermopure-fluid-lsf30\/"},"modified":"2025-11-28T12:54:40","modified_gmt":"2025-11-28T11:54:40","slug":"eucerin-dermopure-fluid-lsf30","status":"publish","type":"product","link":"https:\/\/www.hirtenberg-apotheke.at\/katalog\/produkt\/eucerin-dermopure-fluid-lsf30\/","title":{"rendered":"Eucerin\u00a0DermoPure Fluid LSF30"},"content":{"rendered":"<p>Eucerin DERMOPURE Sch\u00fctzendes Fluid LSF30 50 ml erm\u00f6glicht es, Unreinheiten und Pickelmale dank 3-fach Wirkung endlich zu bek\u00e4mpfen.<\/p>\n","protected":false},"excerpt":{"rendered":"<p>Eucerin DERMOPURE Sch\u00fctzendes Fluid LSF30 50 ml erm\u00f6glicht es, Unreinheiten und Pickelmale dank 3-fach Wirkung endlich zu bek\u00e4mpfen.<\/p>\n","protected":false},"featured_media":0,"template":"","meta":{"_acf_changed":false},"product_brand":[694],"product_cat":[307],"product_tag":[],"class_list":{"0":"post-83059","1":"product","2":"type-product","3":"status-publish","5":"product_brand-eucerin","6":"product_cat-e","7":"pa_packungsgroesse-50ml","9":"first","10":"instock","11":"shipping-taxable","12":"purchasable","13":"product-type-simple"},"acf":[],"_links":{"self":[{"href":"https:\/\/www.hirtenberg-apotheke.at\/katalog\/wp-json\/wp\/v2\/product\/83059","targetHints":{"allow":["GET"]}}],"collection":[{"href":"https:\/\/www.hirtenberg-apotheke.at\/katalog\/wp-json\/wp\/v2\/product"}],"about":[{"href":"https:\/\/www.hirtenberg-apotheke.at\/katalog\/wp-json\/wp\/v2\/types\/product"}],"wp:attachment":[{"href":"https:\/\/www.hirtenberg-apotheke.at\/katalog\/wp-json\/wp\/v2\/media?parent=83059"}],"wp:term":[{"taxonomy":"product_brand","embeddable":true,"href":"https:\/\/www.hirtenberg-apotheke.at\/katalog\/wp-json\/wp\/v2\/product_brand?post=83059"},{"taxonomy":"product_cat","embeddable":true,"href":"https:\/\/www.hirtenberg-apotheke.at\/katalog\/wp-json\/wp\/v2\/product_cat?post=83059"},{"taxonomy":"product_tag","embeddable":true,"href":"https:\/\/www.hirtenberg-apotheke.at\/katalog\/wp-json\/wp\/v2\/product_tag?post=83059"}],"curies":[{"name":"wp","href":"https:\/\/api.w.org\/{rel}","templated":true}]}}