{"id":83929,"date":"2025-12-02T14:31:45","date_gmt":"2025-12-02T13:31:45","guid":{"rendered":"https:\/\/www.hirtenberg-apotheke.at\/katalog\/produkt\/dermasence-hyalusome-augenpflege-15-ml\/"},"modified":"2025-12-02T14:31:48","modified_gmt":"2025-12-02T13:31:48","slug":"dermasence-hyalusome-augenpflege-15-ml","status":"publish","type":"product","link":"https:\/\/www.hirtenberg-apotheke.at\/katalog\/produkt\/dermasence-hyalusome-augenpflege-15-ml\/","title":{"rendered":"Dermasence Hyalusome Augenpflege 15 ml"},"content":{"rendered":"<p>Dermasence Hyalusome Augenpflege 15 ml ist eine Anti-Aging-Pflege mit Hyaluron, die intensive Feuchtigkeit spendet. Sie wirkt hautberuhigend und regenerierend mit Panthenol, Allantoin und Bisabolol und f\u00f6rdert mit Jojoba\u00f6l die Elastizit\u00e4t der Haut. Auch f\u00fcr Kontaktlinsentr\u00e4ger*innen empfohlen.<\/p>\n","protected":false},"excerpt":{"rendered":"<p>Dermasence Hyalusome Augenpflege 15 ml ist eine Anti-Aging-Pflege mit Hyaluron, die intensive Feuchtigkeit spendet. Sie wirkt hautberuhigend und regenerierend mit Panthenol, Allantoin und Bisabolol und f\u00f6rdert mit Jojoba\u00f6l die Elastizit\u00e4t der Haut. Auch f\u00fcr Kontaktlinsentr\u00e4ger*innen empfohlen.<\/p>\n","protected":false},"featured_media":0,"template":"","meta":{"_acf_changed":false},"product_brand":[696],"product_cat":[295],"product_tag":[],"class_list":{"0":"post-83929","1":"product","2":"type-product","3":"status-publish","5":"product_brand-dermasence","6":"product_cat-d","7":"pa_packungsgroesse-15ml","9":"first","10":"instock","11":"shipping-taxable","12":"purchasable","13":"product-type-simple"},"acf":[],"_links":{"self":[{"href":"https:\/\/www.hirtenberg-apotheke.at\/katalog\/wp-json\/wp\/v2\/product\/83929","targetHints":{"allow":["GET"]}}],"collection":[{"href":"https:\/\/www.hirtenberg-apotheke.at\/katalog\/wp-json\/wp\/v2\/product"}],"about":[{"href":"https:\/\/www.hirtenberg-apotheke.at\/katalog\/wp-json\/wp\/v2\/types\/product"}],"wp:attachment":[{"href":"https:\/\/www.hirtenberg-apotheke.at\/katalog\/wp-json\/wp\/v2\/media?parent=83929"}],"wp:term":[{"taxonomy":"product_brand","embeddable":true,"href":"https:\/\/www.hirtenberg-apotheke.at\/katalog\/wp-json\/wp\/v2\/product_brand?post=83929"},{"taxonomy":"product_cat","embeddable":true,"href":"https:\/\/www.hirtenberg-apotheke.at\/katalog\/wp-json\/wp\/v2\/product_cat?post=83929"},{"taxonomy":"product_tag","embeddable":true,"href":"https:\/\/www.hirtenberg-apotheke.at\/katalog\/wp-json\/wp\/v2\/product_tag?post=83929"}],"curies":[{"name":"wp","href":"https:\/\/api.w.org\/{rel}","templated":true}]}}