{"id":84033,"date":"2025-12-02T14:34:28","date_gmt":"2025-12-02T13:34:28","guid":{"rendered":"https:\/\/www.hirtenberg-apotheke.at\/katalog\/produkt\/burgerstein-l-glutamin-pulver-180-g\/"},"modified":"2025-12-02T14:34:42","modified_gmt":"2025-12-02T13:34:42","slug":"burgerstein-l-glutamin-pulver-180-g","status":"publish","type":"product","link":"https:\/\/www.hirtenberg-apotheke.at\/katalog\/produkt\/burgerstein-l-glutamin-pulver-180-g\/","title":{"rendered":"Burgerstein L-Glutamin Pulver 180 g"},"content":{"rendered":"<p><strong>Darmfreuden.<\/strong><\/p>\n<p>&#13;<\/p>\n<div>\u00a0<\/div>\n<p>&#13;<\/p>\n<div>L-Glutamin ist eine bedeutende Aminos\u00e4ure f\u00fcr den menschlichen K\u00f6rper. Sie kommt in Muskelzellen am h\u00e4ufigsten als freie Aminos\u00e4ure vor und dient Darmzellen als Hauptenergiequelle. In schwierigen Situationen wie schweren Erkrankungen, Verletzungen, Verbrennungen und Operationen kann die k\u00f6rpereigene Glutamin-Produktion den Bedarf oft nicht decken. Deshalb ist eine Zufuhr von au\u00dfen durch Ern\u00e4hrung oder Supplemente notwendig.<\/div>\n<p>&#13;<\/p>\n<div>\u00a0<\/div>\n<p>&#13;<\/p>\n<div>L-Glutamins\u00e4ure ist eine nicht essenzielle Aminos\u00e4ure, die der K\u00f6rper aus verschiedenen Vorstufen in ausreichender Menge selbst produzieren kann. L-Glutamins\u00e4ure dient als Vorstufe f\u00fcr L-Glutamin.<\/div>\n<p>&#13;<\/p>\n<div>\u00a0<\/div>\n<p>&#13;<\/p>\n<div>L-Glutamin ist unter anderem f\u00fcr die Wassereinlagerung in die Zellen verantwortlich. Bei k\u00f6rperlicher Belastung, wie beim Training, f\u00fchrt Glutamin zu einer Vergr\u00f6\u00dferung des Zellvolumens und unterst\u00fctzt somit die Protein- und Glykogenbildung. Au\u00dferdem tr\u00e4gt L-Glutamin zur normalen Funktion der Nerven und des Darms bei.<\/div>\n","protected":false},"excerpt":{"rendered":"<p>Darmfreuden. &#13; \u00a0 &#13; L-Glutamin ist eine bedeutende Aminos\u00e4ure f\u00fcr den menschlichen K\u00f6rper. Sie kommt in Muskelzellen am h\u00e4ufigsten als freie Aminos\u00e4ure vor und dient Darmzellen als Hauptenergiequelle. In schwierigen Situationen wie schweren Erkrankungen, Verletzungen, Verbrennungen und Operationen kann die k\u00f6rpereigene Glutamin-Produktion den Bedarf oft nicht decken. Deshalb ist eine Zufuhr von au\u00dfen durch Ern\u00e4hrung [&hellip;]<\/p>\n","protected":false},"featured_media":84035,"template":"","meta":{"_acf_changed":false},"product_brand":[],"product_cat":[292],"product_tag":[],"class_list":{"0":"post-84033","1":"product","2":"type-product","3":"status-publish","4":"has-post-thumbnail","6":"product_cat-b","7":"pa_packungsgroesse-180g","9":"first","10":"instock","11":"shipping-taxable","12":"purchasable","13":"product-type-simple"},"acf":[],"_links":{"self":[{"href":"https:\/\/www.hirtenberg-apotheke.at\/katalog\/wp-json\/wp\/v2\/product\/84033","targetHints":{"allow":["GET"]}}],"collection":[{"href":"https:\/\/www.hirtenberg-apotheke.at\/katalog\/wp-json\/wp\/v2\/product"}],"about":[{"href":"https:\/\/www.hirtenberg-apotheke.at\/katalog\/wp-json\/wp\/v2\/types\/product"}],"wp:featuredmedia":[{"embeddable":true,"href":"https:\/\/www.hirtenberg-apotheke.at\/katalog\/wp-json\/wp\/v2\/media\/84035"}],"wp:attachment":[{"href":"https:\/\/www.hirtenberg-apotheke.at\/katalog\/wp-json\/wp\/v2\/media?parent=84033"}],"wp:term":[{"taxonomy":"product_brand","embeddable":true,"href":"https:\/\/www.hirtenberg-apotheke.at\/katalog\/wp-json\/wp\/v2\/product_brand?post=84033"},{"taxonomy":"product_cat","embeddable":true,"href":"https:\/\/www.hirtenberg-apotheke.at\/katalog\/wp-json\/wp\/v2\/product_cat?post=84033"},{"taxonomy":"product_tag","embeddable":true,"href":"https:\/\/www.hirtenberg-apotheke.at\/katalog\/wp-json\/wp\/v2\/product_tag?post=84033"}],"curies":[{"name":"wp","href":"https:\/\/api.w.org\/{rel}","templated":true}]}}