{"id":84193,"date":"2025-12-02T14:39:25","date_gmt":"2025-12-02T13:39:25","guid":{"rendered":"https:\/\/www.hirtenberg-apotheke.at\/katalog\/produkt\/sonnentor-bio-curry-suess-gewuerzmischung-50-g\/"},"modified":"2025-12-02T14:39:29","modified_gmt":"2025-12-02T13:39:29","slug":"sonnentor-bio-curry-suess-gewuerzmischung-50-g","status":"publish","type":"product","link":"https:\/\/www.hirtenberg-apotheke.at\/katalog\/produkt\/sonnentor-bio-curry-suess-gewuerzmischung-50-g\/","title":{"rendered":"Sonnentor Bio Curry s\u00fc\u00df Gew\u00fcrzmischung 50 g"},"content":{"rendered":"<p>Gelb, gelb, gelb ist alles, was ich habe \u2026 Die charakteristische Curryfarbe kommt vom sonnengelben Kurkuma. Und wie sollte es anders sein? So strahlend sch\u00f6n wie die Farbe, so gro\u00dfartig und vielf\u00e4ltig sind auch die Aromen dieser Mischung. Sie eignet sich hervorragend zum W\u00fcrzen von Huhn und Gem\u00fcse und besticht mit einer leicht fruchtigen, erfrischenden W\u00fcrze. Indien, wir kommen!<\/p>\n","protected":false},"excerpt":{"rendered":"<p>Gelb, gelb, gelb ist alles, was ich habe \u2026 Die charakteristische Curryfarbe kommt vom sonnengelben Kurkuma. Und wie sollte es anders sein? So strahlend sch\u00f6n wie die Farbe, so gro\u00dfartig und vielf\u00e4ltig sind auch die Aromen dieser Mischung. Sie eignet sich hervorragend zum W\u00fcrzen von Huhn und Gem\u00fcse und besticht mit einer leicht fruchtigen, erfrischenden [&hellip;]<\/p>\n","protected":false},"featured_media":84195,"template":"","meta":{"_acf_changed":false},"product_brand":[917],"product_cat":[303],"product_tag":[],"class_list":{"0":"post-84193","1":"product","2":"type-product","3":"status-publish","4":"has-post-thumbnail","6":"product_brand-sonnentor","7":"product_cat-s","8":"pa_packungsgroesse-50g","10":"first","11":"instock","12":"shipping-taxable","13":"purchasable","14":"product-type-simple"},"acf":[],"_links":{"self":[{"href":"https:\/\/www.hirtenberg-apotheke.at\/katalog\/wp-json\/wp\/v2\/product\/84193","targetHints":{"allow":["GET"]}}],"collection":[{"href":"https:\/\/www.hirtenberg-apotheke.at\/katalog\/wp-json\/wp\/v2\/product"}],"about":[{"href":"https:\/\/www.hirtenberg-apotheke.at\/katalog\/wp-json\/wp\/v2\/types\/product"}],"wp:featuredmedia":[{"embeddable":true,"href":"https:\/\/www.hirtenberg-apotheke.at\/katalog\/wp-json\/wp\/v2\/media\/84195"}],"wp:attachment":[{"href":"https:\/\/www.hirtenberg-apotheke.at\/katalog\/wp-json\/wp\/v2\/media?parent=84193"}],"wp:term":[{"taxonomy":"product_brand","embeddable":true,"href":"https:\/\/www.hirtenberg-apotheke.at\/katalog\/wp-json\/wp\/v2\/product_brand?post=84193"},{"taxonomy":"product_cat","embeddable":true,"href":"https:\/\/www.hirtenberg-apotheke.at\/katalog\/wp-json\/wp\/v2\/product_cat?post=84193"},{"taxonomy":"product_tag","embeddable":true,"href":"https:\/\/www.hirtenberg-apotheke.at\/katalog\/wp-json\/wp\/v2\/product_tag?post=84193"}],"curies":[{"name":"wp","href":"https:\/\/api.w.org\/{rel}","templated":true}]}}