{"id":84198,"date":"2025-12-02T14:39:31","date_gmt":"2025-12-02T13:39:31","guid":{"rendered":"https:\/\/www.hirtenberg-apotheke.at\/katalog\/produkt\/burgerstein-zink-c-toffees-30-stk\/"},"modified":"2025-12-02T14:39:34","modified_gmt":"2025-12-02T13:39:34","slug":"burgerstein-zink-c-toffees-30-stk","status":"publish","type":"product","link":"https:\/\/www.hirtenberg-apotheke.at\/katalog\/produkt\/burgerstein-zink-c-toffees-30-stk\/","title":{"rendered":"Burgerstein Zink-C Toffees 30 Stk."},"content":{"rendered":"<p><strong>Wohltuend f\u00fcr Rachen und Hals.<\/strong><\/p>\n<p>&#13;<\/p>\n<div>\u00a0<\/div>\n<p>&#13;<\/p>\n<div>Burgerstein Zink-C pr\u00e4sentiert k\u00f6stliche Toffees mit Zink, Vitamin C und einem exquisiten Orangengeschmack. Durch die Schleimh\u00e4ute werden Zink und Vitamin C optimal absorbiert und f\u00f6rdern die normale Funktion des Immunsystems. Die Kombination aus Zink und Vitamin C hat sich \u00fcber Jahre hinweg bew\u00e4hrt.\u00a0<\/div>\n<p>&#13;<\/p>\n<div>\u00a0<\/div>\n<p>&#13;<\/p>\n<div>Besonders in den frostigen Wintermonaten ben\u00f6tigt unser Immunsystem zus\u00e4tzliche Unterst\u00fctzung. Trockene Heizungsluft und viele Menschen auf engstem Raum schaffen oft ideale Bedingungen f\u00fcr Grippe und \u00e4hnliche Erkrankungen. Doch man kann t\u00e4glich vorbeugen &#8211; mit den schmackhaften, orangen Zink-C Toffees. Sie optimieren die Unterst\u00fctzung des Immunsystems und tragen dazu bei, die Zellen vor oxidativem Stress zu sch\u00fctzen. Die einzeln verpackten Toffees eignen sich hervorragend f\u00fcr unterwegs (Schule, B\u00fcro, Freizeit) und sind bereits f\u00fcr Kinder ab 4 Jahren empfohlen und geeignet.<\/div>\n<p>&#13;<\/p>\n<div>\u00a0<\/div>\n<p>&#13;<\/p>\n<div>Jeden Tag wird das Immunsystem von einer Vielzahl von Viren und Bakterien angegriffen, weshalb es st\u00e4ndig auf Hochtouren arbeiten muss. Besonders bei Kleinkindern und \u00e4lteren Menschen ist es wichtig, dass das Immunsystem einwandfrei funktioniert, um sie vor Krankheiten zu sch\u00fctzen, insbesondere in der kalten Jahreszeit. Kleinkinder haben noch kein vollst\u00e4ndig ausgereiftes Immunsystem und bei \u00e4lteren Menschen l\u00e4sst die Abwehrkraft leider oft nach. In dieser Altersgruppe kommt es daher h\u00e4ufiger zu Infekten, da die Immunreaktion verz\u00f6gert einsetzt. Eine gesunde Lebensweise kann das Immunsystem unterst\u00fctzen und die Zink-C Toffees bieten eine gesunde und schmackhafte Art, Klein und Gro\u00df mit wertvollem Zink und Vitamin C im Alltag zu versorgen.<\/div>\n","protected":false},"excerpt":{"rendered":"<p>Wohltuend f\u00fcr Rachen und Hals. &#13; \u00a0 &#13; Burgerstein Zink-C pr\u00e4sentiert k\u00f6stliche Toffees mit Zink, Vitamin C und einem exquisiten Orangengeschmack. Durch die Schleimh\u00e4ute werden Zink und Vitamin C optimal absorbiert und f\u00f6rdern die normale Funktion des Immunsystems. Die Kombination aus Zink und Vitamin C hat sich \u00fcber Jahre hinweg bew\u00e4hrt.\u00a0 &#13; \u00a0 &#13; Besonders [&hellip;]<\/p>\n","protected":false},"featured_media":0,"template":"","meta":{"_acf_changed":false},"product_brand":[422],"product_cat":[292],"product_tag":[],"class_list":{"0":"post-84198","1":"product","2":"type-product","3":"status-publish","5":"product_brand-burgerstein","6":"product_cat-b","7":"pa_packungsgroesse-30-stueck","9":"first","10":"instock","11":"shipping-taxable","12":"purchasable","13":"product-type-simple"},"acf":[],"_links":{"self":[{"href":"https:\/\/www.hirtenberg-apotheke.at\/katalog\/wp-json\/wp\/v2\/product\/84198","targetHints":{"allow":["GET"]}}],"collection":[{"href":"https:\/\/www.hirtenberg-apotheke.at\/katalog\/wp-json\/wp\/v2\/product"}],"about":[{"href":"https:\/\/www.hirtenberg-apotheke.at\/katalog\/wp-json\/wp\/v2\/types\/product"}],"wp:attachment":[{"href":"https:\/\/www.hirtenberg-apotheke.at\/katalog\/wp-json\/wp\/v2\/media?parent=84198"}],"wp:term":[{"taxonomy":"product_brand","embeddable":true,"href":"https:\/\/www.hirtenberg-apotheke.at\/katalog\/wp-json\/wp\/v2\/product_brand?post=84198"},{"taxonomy":"product_cat","embeddable":true,"href":"https:\/\/www.hirtenberg-apotheke.at\/katalog\/wp-json\/wp\/v2\/product_cat?post=84198"},{"taxonomy":"product_tag","embeddable":true,"href":"https:\/\/www.hirtenberg-apotheke.at\/katalog\/wp-json\/wp\/v2\/product_tag?post=84198"}],"curies":[{"name":"wp","href":"https:\/\/api.w.org\/{rel}","templated":true}]}}