{"id":85466,"date":"2025-12-02T15:16:25","date_gmt":"2025-12-02T14:16:25","guid":{"rendered":"https:\/\/www.hirtenberg-apotheke.at\/katalog\/produkt\/osteodor-kps-60-st\/"},"modified":"2025-12-02T15:16:35","modified_gmt":"2025-12-02T14:16:35","slug":"osteodor-kps-60-st","status":"publish","type":"product","link":"https:\/\/www.hirtenberg-apotheke.at\/katalog\/produkt\/osteodor-kps-60-st\/","title":{"rendered":"OSTEODOR KPS 60 ST"},"content":{"rendered":"<p>Die k\u00f6rpereigene Knochensubstanz wird st\u00e4ndig auf- und abgebaut.\u00a0<b>Calcium <\/b>ist hier ein wichtiger Mineralstoff f\u00fcr die Erhaltung normaler Knochen und Z\u00e4hne.<\/p>\n<p>Calcium wird aber auch f\u00fcr viele andere biologische Funktionen ben\u00f6tigt. Hierzu z\u00e4hlen die Blutgerinnung, der Energiestoffwechsel, die Zellteilung, die Erregbarkeit aller K\u00f6rperzellen und die normale Muskelfunktion. Stabile Knochen ben\u00f6tigen aber auch andere Spurenelemente wie <b>Mangan<\/b>, <b>Kupfer <\/b>und <b>Zink<\/b>. Speziell Mangan und Kupfer unterst\u00fctzen die Bildung von Bindegewebe.<\/p>\n<p>Osteodor.<span>\u00ae<\/span>\u00a0enth\u00e4lt eine wertvolle Kombination aus verschiedenen Calciumverbindungen. Einerseits das gut verf\u00fcgbare <b>nat\u00fcrliche Calcium<\/b> aus der <b>Kalkalge Lithothamnium calcareum<\/b> sowie <b>Calciumcitrat <\/b>und <b>Calciumcarbonat<\/b>. Zus\u00e4tzlich verbessert <b>Vitamin D3<\/b> die Aufnahme und Verwertung von Calcium.<\/p>\n<p><b>Verzehrempfehlung<\/b>:\u00a02 x t\u00e4glich 1 Kapsel mit einem Glas Wasser einnehmen.\u00a0<\/p>\n<p><b>Inhalt<\/b>:\u00a060 Kapseln PZN: 5607528\u00a0<\/p>\n<p><b>Anwendungsgebiete<\/b>:\u00a0Nat\u00fcrliches und gut verf\u00fcgbares Calcium zur Erhaltung normaler Knochen.<\/p>\n<p><span><b>Vertr\u00e4glichkeit<\/b><\/span><span>:\u00a0fructosefrei, glutenfrei, lactosefrei<\/span><\/p>\n","protected":false},"excerpt":{"rendered":"<p>Die k\u00f6rpereigene Knochensubstanz wird st\u00e4ndig auf- und abgebaut.\u00a0Calcium ist hier ein wichtiger Mineralstoff f\u00fcr die Erhaltung normaler Knochen und Z\u00e4hne. Calcium wird aber auch f\u00fcr viele andere biologische Funktionen ben\u00f6tigt. Hierzu z\u00e4hlen die Blutgerinnung, der Energiestoffwechsel, die Zellteilung, die Erregbarkeit aller K\u00f6rperzellen und die normale Muskelfunktion. Stabile Knochen ben\u00f6tigen aber auch andere Spurenelemente wie Mangan, [&hellip;]<\/p>\n","protected":false},"featured_media":85468,"template":"","meta":{"_acf_changed":false},"product_brand":[],"product_cat":[349],"product_tag":[],"class_list":{"0":"post-85466","1":"product","2":"type-product","3":"status-publish","4":"has-post-thumbnail","6":"product_cat-o","7":"pa_packungsgroesse-60-stueck","9":"first","10":"instock","11":"shipping-taxable","12":"purchasable","13":"product-type-simple"},"acf":[],"_links":{"self":[{"href":"https:\/\/www.hirtenberg-apotheke.at\/katalog\/wp-json\/wp\/v2\/product\/85466","targetHints":{"allow":["GET"]}}],"collection":[{"href":"https:\/\/www.hirtenberg-apotheke.at\/katalog\/wp-json\/wp\/v2\/product"}],"about":[{"href":"https:\/\/www.hirtenberg-apotheke.at\/katalog\/wp-json\/wp\/v2\/types\/product"}],"wp:featuredmedia":[{"embeddable":true,"href":"https:\/\/www.hirtenberg-apotheke.at\/katalog\/wp-json\/wp\/v2\/media\/85468"}],"wp:attachment":[{"href":"https:\/\/www.hirtenberg-apotheke.at\/katalog\/wp-json\/wp\/v2\/media?parent=85466"}],"wp:term":[{"taxonomy":"product_brand","embeddable":true,"href":"https:\/\/www.hirtenberg-apotheke.at\/katalog\/wp-json\/wp\/v2\/product_brand?post=85466"},{"taxonomy":"product_cat","embeddable":true,"href":"https:\/\/www.hirtenberg-apotheke.at\/katalog\/wp-json\/wp\/v2\/product_cat?post=85466"},{"taxonomy":"product_tag","embeddable":true,"href":"https:\/\/www.hirtenberg-apotheke.at\/katalog\/wp-json\/wp\/v2\/product_tag?post=85466"}],"curies":[{"name":"wp","href":"https:\/\/api.w.org\/{rel}","templated":true}]}}