{"id":85490,"date":"2025-12-02T15:17:19","date_gmt":"2025-12-02T14:17:19","guid":{"rendered":"https:\/\/www.hirtenberg-apotheke.at\/katalog\/produkt\/sleepdor-kps-60-st\/"},"modified":"2025-12-02T15:17:26","modified_gmt":"2025-12-02T14:17:26","slug":"sleepdor-kps-60-st","status":"publish","type":"product","link":"https:\/\/www.hirtenberg-apotheke.at\/katalog\/produkt\/sleepdor-kps-60-st\/","title":{"rendered":"SLEEPDOR KPS 60 ST"},"content":{"rendered":"<p><span>Schlaf bedeutet Erholung und Regeneration<\/span>. Diese Ruhephase ist f\u00fcr unseren K\u00f6rper besonders wichtig, denn in dieser Zeit werden die Batterien wieder aufgeladen. Guter und erholsamer Schlaf schenkt\u00a0<span>wichtige Energie\u00a0<\/span>und st\u00e4rkt die g<span>eistige und k\u00f6rperliche Leistungsf\u00e4higkeit<\/span>.\u00a0Hier spielen auch bestimmte N\u00e4hrstoffe eine wesentliche Rolle. Dazu z\u00e4hlen vor allem\u00a0<a href=\"https:\/\/www.nordshop.at\/de\/wissen\/mikronaehrstoffe\/b-komplex.html\" tabindex=\"-1\">Vitamin B3, B6, B12, Fols\u00e4ure<\/a>\u00a0und\u00a0<a href=\"https:\/\/www.nordshop.at\/de\/wissen\/mikronaehrstoffe\/zink.html\" tabindex=\"-1\">Zink<\/a>.<\/p>\n<p>Die Vitamine des\u00a0<a href=\"https:\/\/www.nordshop.at\/de\/wissen\/mikronaehrstoffe\/b-komplex.html\" tabindex=\"-1\">B-Komplexes<\/a>\u00a0unterst\u00fctzen das Nervensystem, gerade dann, wenn Stress die Schlafqualit\u00e4t negativ beeinflusst. Das k\u00f6rpereigene\u00a0<span>Schlafhormon Melatonin<\/span>\u00a0wird normalerweise nachts in der Zirbeldr\u00fcse des Gehirns aus Serotonin gebildet und reguliert den Schlaf-Wach-Rhythmus. Dazu wird auch die Aminos\u00e4ure L-Tryptophan ben\u00f6tigt. Leider l\u00e4sst die k\u00f6rpereigene Produktion mit zunehmenden Alter nach. Die zus\u00e4tzliche Einnahme von Melatonin kann die Einschlafzeit verk\u00fcrzen.<\/p>\n<p><a href=\"https:\/\/www.nordshop.at\/de\/wissen\/pflanzenstoffe\/schlafbeere.html\" tabindex=\"-1\">Ashwagandha<\/a>, auch als Schlafbeere bekannt, kann zur Balance des Nervensystems beitragen und auch die Stresstoleranz erh\u00f6hen. Es unterst\u00fctzt das mentale Gleichgewicht und allgemeines Wohlbefinden. Zus\u00e4tzlich tragen die Pflanzenextrakte wie\u00a0<a href=\"https:\/\/www.nordshop.at\/de\/wissen\/pflanzenstoffe\/hopfenblueten.html\" tabindex=\"-1\">Hopfen<\/a>, Kalifornischer Mohn und Safran vor allem zur Entspannung bei und f\u00f6rdern das Ein- und Durchschlafen.<\/p>\n<p><span>Verzehrempfehlung:<\/span>\u00a01 x t\u00e4glich 1 &#8211; 2 Kapseln\u00a0vor dem Schlafengehen mit etwas Fl\u00fcssigkeit einnehmen.<br \/><span>Inhalt:<\/span>\u00a060 Kapseln PZN: 5607534<br \/><span>Anwendungsgebiete:\u00a0<\/span>Zur Unterst\u00fctzung eines erholsamen Schlafs.<br \/><span>Vertr\u00e4glichkeit<\/span>:\u00a0fructosefrei, glutenfrei, lactosefrei, vegan<\/p>\n","protected":false},"excerpt":{"rendered":"<p>Schlaf bedeutet Erholung und Regeneration. Diese Ruhephase ist f\u00fcr unseren K\u00f6rper besonders wichtig, denn in dieser Zeit werden die Batterien wieder aufgeladen. Guter und erholsamer Schlaf schenkt\u00a0wichtige Energie\u00a0und st\u00e4rkt die geistige und k\u00f6rperliche Leistungsf\u00e4higkeit.\u00a0Hier spielen auch bestimmte N\u00e4hrstoffe eine wesentliche Rolle. Dazu z\u00e4hlen vor allem\u00a0Vitamin B3, B6, B12, Fols\u00e4ure\u00a0und\u00a0Zink. Die Vitamine des\u00a0B-Komplexes\u00a0unterst\u00fctzen das Nervensystem, gerade [&hellip;]<\/p>\n","protected":false},"featured_media":85492,"template":"","meta":{"_acf_changed":false},"product_brand":[],"product_cat":[303],"product_tag":[],"class_list":{"0":"post-85490","1":"product","2":"type-product","3":"status-publish","4":"has-post-thumbnail","6":"product_cat-s","7":"pa_packungsgroesse-60-stueck","9":"first","10":"instock","11":"shipping-taxable","12":"purchasable","13":"product-type-simple"},"acf":[],"_links":{"self":[{"href":"https:\/\/www.hirtenberg-apotheke.at\/katalog\/wp-json\/wp\/v2\/product\/85490","targetHints":{"allow":["GET"]}}],"collection":[{"href":"https:\/\/www.hirtenberg-apotheke.at\/katalog\/wp-json\/wp\/v2\/product"}],"about":[{"href":"https:\/\/www.hirtenberg-apotheke.at\/katalog\/wp-json\/wp\/v2\/types\/product"}],"wp:featuredmedia":[{"embeddable":true,"href":"https:\/\/www.hirtenberg-apotheke.at\/katalog\/wp-json\/wp\/v2\/media\/85492"}],"wp:attachment":[{"href":"https:\/\/www.hirtenberg-apotheke.at\/katalog\/wp-json\/wp\/v2\/media?parent=85490"}],"wp:term":[{"taxonomy":"product_brand","embeddable":true,"href":"https:\/\/www.hirtenberg-apotheke.at\/katalog\/wp-json\/wp\/v2\/product_brand?post=85490"},{"taxonomy":"product_cat","embeddable":true,"href":"https:\/\/www.hirtenberg-apotheke.at\/katalog\/wp-json\/wp\/v2\/product_cat?post=85490"},{"taxonomy":"product_tag","embeddable":true,"href":"https:\/\/www.hirtenberg-apotheke.at\/katalog\/wp-json\/wp\/v2\/product_tag?post=85490"}],"curies":[{"name":"wp","href":"https:\/\/api.w.org\/{rel}","templated":true}]}}