{"id":8728,"date":"2025-11-25T13:45:16","date_gmt":"2025-11-25T12:45:16","guid":{"rendered":"https:\/\/www.hirtenberg-apotheke.at\/katalog\/produkt\/preiselsan-tabletten-90-stk\/"},"modified":"2025-11-25T13:45:57","modified_gmt":"2025-11-25T12:45:57","slug":"preiselsan-tabletten-90-stk","status":"publish","type":"product","link":"https:\/\/www.hirtenberg-apotheke.at\/katalog\/produkt\/preiselsan-tabletten-90-stk\/","title":{"rendered":"Preiselsan Tabletten 90 Stk."},"content":{"rendered":"<p>Preiselsan Tabletten ist ein hochwertiges Nahrungserg\u00e4nzungsmittel mit Cranberryextrakt und nat\u00fcrlichem Acerola-Vitamin C. Durch die regelm\u00e4\u00dfige Zufuhr wird der Erhalt gesunder Harnwege gew\u00e4hrleistet. Die Tabletten werden auch von Gyn\u00e4kologen h\u00e4ufig den Schwangeren empfohlen, wenn eine Neigung zu Blasenentz\u00fcndungen besteht.<\/p>\n","protected":false},"excerpt":{"rendered":"<p>Preiselsan Tabletten ist ein hochwertiges Nahrungserg\u00e4nzungsmittel mit Cranberryextrakt und nat\u00fcrlichem Acerola-Vitamin C. Durch die regelm\u00e4\u00dfige Zufuhr wird der Erhalt gesunder Harnwege gew\u00e4hrleistet. Die Tabletten werden auch von Gyn\u00e4kologen h\u00e4ufig den Schwangeren empfohlen, wenn eine Neigung zu Blasenentz\u00fcndungen besteht.<\/p>\n","protected":false},"featured_media":8730,"template":"","meta":{"_acf_changed":false},"product_brand":[],"product_cat":[302],"product_tag":[],"class_list":{"0":"post-8728","1":"product","2":"type-product","3":"status-publish","4":"has-post-thumbnail","6":"product_cat-p","7":"pa_packungsgroesse-90-stueck","9":"first","10":"instock","11":"shipping-taxable","12":"purchasable","13":"product-type-simple"},"acf":[],"_links":{"self":[{"href":"https:\/\/www.hirtenberg-apotheke.at\/katalog\/wp-json\/wp\/v2\/product\/8728","targetHints":{"allow":["GET"]}}],"collection":[{"href":"https:\/\/www.hirtenberg-apotheke.at\/katalog\/wp-json\/wp\/v2\/product"}],"about":[{"href":"https:\/\/www.hirtenberg-apotheke.at\/katalog\/wp-json\/wp\/v2\/types\/product"}],"wp:featuredmedia":[{"embeddable":true,"href":"https:\/\/www.hirtenberg-apotheke.at\/katalog\/wp-json\/wp\/v2\/media\/8730"}],"wp:attachment":[{"href":"https:\/\/www.hirtenberg-apotheke.at\/katalog\/wp-json\/wp\/v2\/media?parent=8728"}],"wp:term":[{"taxonomy":"product_brand","embeddable":true,"href":"https:\/\/www.hirtenberg-apotheke.at\/katalog\/wp-json\/wp\/v2\/product_brand?post=8728"},{"taxonomy":"product_cat","embeddable":true,"href":"https:\/\/www.hirtenberg-apotheke.at\/katalog\/wp-json\/wp\/v2\/product_cat?post=8728"},{"taxonomy":"product_tag","embeddable":true,"href":"https:\/\/www.hirtenberg-apotheke.at\/katalog\/wp-json\/wp\/v2\/product_tag?post=8728"}],"curies":[{"name":"wp","href":"https:\/\/api.w.org\/{rel}","templated":true}]}}