{"id":8850,"date":"2025-11-25T13:48:36","date_gmt":"2025-11-25T12:48:36","guid":{"rendered":"https:\/\/www.hirtenberg-apotheke.at\/katalog\/produkt\/hafesan-cranberry-kapseln-60-stk\/"},"modified":"2025-11-25T13:48:43","modified_gmt":"2025-11-25T12:48:43","slug":"hafesan-cranberry-kapseln-60-stk","status":"publish","type":"product","link":"https:\/\/www.hirtenberg-apotheke.at\/katalog\/produkt\/hafesan-cranberry-kapseln-60-stk\/","title":{"rendered":"Hafesan Cranberry Kapseln 60 Stk."},"content":{"rendered":"<p>Hafesan\u00ae Cranberry Kapseln bei Problemen mit der Blase und der Harnwege. Die k\u00f6roereigenen Abwehrkr\u00e4fte werden gest\u00e4rkt und gef\u00e4hrliche Bakterien werden unsch\u00e4dlich gemacht.<\/p>\n","protected":false},"excerpt":{"rendered":"<p>Hafesan\u00ae Cranberry Kapseln bei Problemen mit der Blase und der Harnwege. Die k\u00f6roereigenen Abwehrkr\u00e4fte werden gest\u00e4rkt und gef\u00e4hrliche Bakterien werden unsch\u00e4dlich gemacht.<\/p>\n","protected":false},"featured_media":8852,"template":"","meta":{"_acf_changed":false},"product_brand":[329],"product_cat":[330],"product_tag":[],"class_list":{"0":"post-8850","1":"product","2":"type-product","3":"status-publish","4":"has-post-thumbnail","6":"product_brand-hafesan","7":"product_cat-h","8":"pa_packungsgroesse-60-stueck","10":"first","11":"instock","12":"shipping-taxable","13":"purchasable","14":"product-type-simple"},"acf":[],"_links":{"self":[{"href":"https:\/\/www.hirtenberg-apotheke.at\/katalog\/wp-json\/wp\/v2\/product\/8850","targetHints":{"allow":["GET"]}}],"collection":[{"href":"https:\/\/www.hirtenberg-apotheke.at\/katalog\/wp-json\/wp\/v2\/product"}],"about":[{"href":"https:\/\/www.hirtenberg-apotheke.at\/katalog\/wp-json\/wp\/v2\/types\/product"}],"wp:featuredmedia":[{"embeddable":true,"href":"https:\/\/www.hirtenberg-apotheke.at\/katalog\/wp-json\/wp\/v2\/media\/8852"}],"wp:attachment":[{"href":"https:\/\/www.hirtenberg-apotheke.at\/katalog\/wp-json\/wp\/v2\/media?parent=8850"}],"wp:term":[{"taxonomy":"product_brand","embeddable":true,"href":"https:\/\/www.hirtenberg-apotheke.at\/katalog\/wp-json\/wp\/v2\/product_brand?post=8850"},{"taxonomy":"product_cat","embeddable":true,"href":"https:\/\/www.hirtenberg-apotheke.at\/katalog\/wp-json\/wp\/v2\/product_cat?post=8850"},{"taxonomy":"product_tag","embeddable":true,"href":"https:\/\/www.hirtenberg-apotheke.at\/katalog\/wp-json\/wp\/v2\/product_tag?post=8850"}],"curies":[{"name":"wp","href":"https:\/\/api.w.org\/{rel}","templated":true}]}}