{"id":88865,"date":"2025-12-02T17:06:25","date_gmt":"2025-12-02T16:06:25","guid":{"rendered":"https:\/\/www.hirtenberg-apotheke.at\/katalog\/produkt\/allin-complete-protein-banane-200-ml\/"},"modified":"2025-12-02T17:06:46","modified_gmt":"2025-12-02T16:06:46","slug":"allin-complete-protein-banane-200-ml","status":"publish","type":"product","link":"https:\/\/www.hirtenberg-apotheke.at\/katalog\/produkt\/allin-complete-protein-banane-200-ml\/","title":{"rendered":"allin COMPLETE Protein Banane, 200 ml"},"content":{"rendered":"<p>allin COMPLETE Banane ist eine Protein Mahlzeit (eiwei\u00dfreiche Trinknahrung), die Dich mit 33% Prozent des Tagesbedarfs* an Eiwei\u00df, 13 Vitaminen und 14 Mineralstoffen versorgt &#8211; jetzt online bestellen: in \u00d6sterreichs bester Versandapotheke!<\/p>\n","protected":false},"excerpt":{"rendered":"<p>allin COMPLETE Banane ist eine Protein Mahlzeit (eiwei\u00dfreiche Trinknahrung), die Dich mit 33% Prozent des Tagesbedarfs* an Eiwei\u00df, 13 Vitaminen und 14 Mineralstoffen versorgt &#8211; jetzt online bestellen: in \u00d6sterreichs bester Versandapotheke!<\/p>\n","protected":false},"featured_media":88867,"template":"","meta":{"_acf_changed":false},"product_brand":[],"product_cat":[299],"product_tag":[],"class_list":{"0":"post-88865","1":"product","2":"type-product","3":"status-publish","4":"has-post-thumbnail","6":"product_cat-a","7":"pa_packungsgroesse-14-stueck","9":"first","10":"instock","11":"shipping-taxable","12":"purchasable","13":"product-type-simple"},"acf":[],"_links":{"self":[{"href":"https:\/\/www.hirtenberg-apotheke.at\/katalog\/wp-json\/wp\/v2\/product\/88865","targetHints":{"allow":["GET"]}}],"collection":[{"href":"https:\/\/www.hirtenberg-apotheke.at\/katalog\/wp-json\/wp\/v2\/product"}],"about":[{"href":"https:\/\/www.hirtenberg-apotheke.at\/katalog\/wp-json\/wp\/v2\/types\/product"}],"wp:featuredmedia":[{"embeddable":true,"href":"https:\/\/www.hirtenberg-apotheke.at\/katalog\/wp-json\/wp\/v2\/media\/88867"}],"wp:attachment":[{"href":"https:\/\/www.hirtenberg-apotheke.at\/katalog\/wp-json\/wp\/v2\/media?parent=88865"}],"wp:term":[{"taxonomy":"product_brand","embeddable":true,"href":"https:\/\/www.hirtenberg-apotheke.at\/katalog\/wp-json\/wp\/v2\/product_brand?post=88865"},{"taxonomy":"product_cat","embeddable":true,"href":"https:\/\/www.hirtenberg-apotheke.at\/katalog\/wp-json\/wp\/v2\/product_cat?post=88865"},{"taxonomy":"product_tag","embeddable":true,"href":"https:\/\/www.hirtenberg-apotheke.at\/katalog\/wp-json\/wp\/v2\/product_tag?post=88865"}],"curies":[{"name":"wp","href":"https:\/\/api.w.org\/{rel}","templated":true}]}}