{"id":89117,"date":"2025-12-02T17:16:02","date_gmt":"2025-12-02T16:16:02","guid":{"rendered":"https:\/\/www.hirtenberg-apotheke.at\/katalog\/produkt\/huebner-arthoro-arthrose-stick-1-pkg\/"},"modified":"2025-12-02T17:16:25","modified_gmt":"2025-12-02T16:16:25","slug":"huebner-arthoro-arthrose-stick-1-pkg","status":"publish","type":"product","link":"https:\/\/www.hirtenberg-apotheke.at\/katalog\/produkt\/huebner-arthoro-arthrose-stick-1-pkg\/","title":{"rendered":"H\u00fcbner Arthoro Arthrose Stick 1 Pkg."},"content":{"rendered":"<p>H\u00fcbner Arthoro Arthrose Stick enth\u00e4lt Prolinax, eine Kombination aus der wertvollen Aminos\u00e4ure L-Prolin und Vitamin C. Dieses Nahrungserg\u00e4nzungsmittel versorgtes Ihr Gelenk mit allen n\u00f6tigen Wirkstoffen, damit dieses bis ins hohe Alter beweglich bleibt.<\/p>\n","protected":false},"excerpt":{"rendered":"<p>H\u00fcbner Arthoro Arthrose Stick enth\u00e4lt Prolinax, eine Kombination aus der wertvollen Aminos\u00e4ure L-Prolin und Vitamin C. Dieses Nahrungserg\u00e4nzungsmittel versorgtes Ihr Gelenk mit allen n\u00f6tigen Wirkstoffen, damit dieses bis ins hohe Alter beweglich bleibt.<\/p>\n","protected":false},"featured_media":89119,"template":"","meta":{"_acf_changed":false},"product_brand":[],"product_cat":[330],"product_tag":[],"class_list":{"0":"post-89117","1":"product","2":"type-product","3":"status-publish","4":"has-post-thumbnail","6":"product_cat-h","7":"pa_packungsgroesse-482","9":"first","10":"instock","11":"shipping-taxable","12":"purchasable","13":"product-type-simple"},"acf":[],"_links":{"self":[{"href":"https:\/\/www.hirtenberg-apotheke.at\/katalog\/wp-json\/wp\/v2\/product\/89117","targetHints":{"allow":["GET"]}}],"collection":[{"href":"https:\/\/www.hirtenberg-apotheke.at\/katalog\/wp-json\/wp\/v2\/product"}],"about":[{"href":"https:\/\/www.hirtenberg-apotheke.at\/katalog\/wp-json\/wp\/v2\/types\/product"}],"wp:featuredmedia":[{"embeddable":true,"href":"https:\/\/www.hirtenberg-apotheke.at\/katalog\/wp-json\/wp\/v2\/media\/89119"}],"wp:attachment":[{"href":"https:\/\/www.hirtenberg-apotheke.at\/katalog\/wp-json\/wp\/v2\/media?parent=89117"}],"wp:term":[{"taxonomy":"product_brand","embeddable":true,"href":"https:\/\/www.hirtenberg-apotheke.at\/katalog\/wp-json\/wp\/v2\/product_brand?post=89117"},{"taxonomy":"product_cat","embeddable":true,"href":"https:\/\/www.hirtenberg-apotheke.at\/katalog\/wp-json\/wp\/v2\/product_cat?post=89117"},{"taxonomy":"product_tag","embeddable":true,"href":"https:\/\/www.hirtenberg-apotheke.at\/katalog\/wp-json\/wp\/v2\/product_tag?post=89117"}],"curies":[{"name":"wp","href":"https:\/\/api.w.org\/{rel}","templated":true}]}}