{"id":90261,"date":"2025-12-02T17:40:50","date_gmt":"2025-12-02T16:40:50","guid":{"rendered":"https:\/\/www.hirtenberg-apotheke.at\/katalog\/produkt\/murnauers-kinder-bachblueten-kleines-traeumerle-globulini-10-g\/"},"modified":"2025-12-02T17:41:01","modified_gmt":"2025-12-02T16:41:01","slug":"murnauers-kinder-bachblueten-kleines-traeumerle-globulini-10-g","status":"publish","type":"product","link":"https:\/\/www.hirtenberg-apotheke.at\/katalog\/produkt\/murnauers-kinder-bachblueten-kleines-traeumerle-globulini-10-g\/","title":{"rendered":"Murnauers Kinder Bachbl\u00fcten Kleines Tr\u00e4umerle Globulini 10 g"},"content":{"rendered":"<p>Murnauers Bachbl\u00fcten Kinder Kleines Tr\u00e4umerle Globulini sind kleine Zuckerk\u00fcgelchen mit originalen Bachbl\u00fctenextrakten aus England. Sie eignen sich ideal f\u00fcr Kinder, auch im Tee oder im Wasser.<\/p>\n","protected":false},"excerpt":{"rendered":"<p>Murnauers Bachbl\u00fcten Kinder Kleines Tr\u00e4umerle Globulini sind kleine Zuckerk\u00fcgelchen mit originalen Bachbl\u00fctenextrakten aus England. Sie eignen sich ideal f\u00fcr Kinder, auch im Tee oder im Wasser.<\/p>\n","protected":false},"featured_media":90263,"template":"","meta":{"_acf_changed":false},"product_brand":[],"product_cat":[308],"product_tag":[],"class_list":{"0":"post-90261","1":"product","2":"type-product","3":"status-publish","4":"has-post-thumbnail","6":"product_cat-m","7":"pa_packungsgroesse-10g","9":"first","10":"instock","11":"shipping-taxable","12":"purchasable","13":"product-type-simple"},"acf":[],"_links":{"self":[{"href":"https:\/\/www.hirtenberg-apotheke.at\/katalog\/wp-json\/wp\/v2\/product\/90261","targetHints":{"allow":["GET"]}}],"collection":[{"href":"https:\/\/www.hirtenberg-apotheke.at\/katalog\/wp-json\/wp\/v2\/product"}],"about":[{"href":"https:\/\/www.hirtenberg-apotheke.at\/katalog\/wp-json\/wp\/v2\/types\/product"}],"wp:featuredmedia":[{"embeddable":true,"href":"https:\/\/www.hirtenberg-apotheke.at\/katalog\/wp-json\/wp\/v2\/media\/90263"}],"wp:attachment":[{"href":"https:\/\/www.hirtenberg-apotheke.at\/katalog\/wp-json\/wp\/v2\/media?parent=90261"}],"wp:term":[{"taxonomy":"product_brand","embeddable":true,"href":"https:\/\/www.hirtenberg-apotheke.at\/katalog\/wp-json\/wp\/v2\/product_brand?post=90261"},{"taxonomy":"product_cat","embeddable":true,"href":"https:\/\/www.hirtenberg-apotheke.at\/katalog\/wp-json\/wp\/v2\/product_cat?post=90261"},{"taxonomy":"product_tag","embeddable":true,"href":"https:\/\/www.hirtenberg-apotheke.at\/katalog\/wp-json\/wp\/v2\/product_tag?post=90261"}],"curies":[{"name":"wp","href":"https:\/\/api.w.org\/{rel}","templated":true}]}}