{"id":91239,"date":"2025-12-02T18:02:38","date_gmt":"2025-12-02T17:02:38","guid":{"rendered":"https:\/\/www.hirtenberg-apotheke.at\/katalog\/produkt\/biofit-hildegard-balsamkraut-fenchel-tropfen-100-ml\/"},"modified":"2025-12-02T18:02:45","modified_gmt":"2025-12-02T17:02:45","slug":"biofit-hildegard-balsamkraut-fenchel-tropfen-100-ml","status":"publish","type":"product","link":"https:\/\/www.hirtenberg-apotheke.at\/katalog\/produkt\/biofit-hildegard-balsamkraut-fenchel-tropfen-100-ml\/","title":{"rendered":"Biofit Hildegard Balsamkraut\/Fenchel Tropfen 100 ml"},"content":{"rendered":"<p>Biofit Hildegard Balsamkraut\/Fenchel Tropfen unterst\u00fctzen Sie, wenn Stress und Hektik im Beruf oder Familienleben zu viel werden. In den Balsam-Kr\u00e4utertropfen sind die positiven Eigenschaften der Kr\u00e4utermischung in konzentrierter Form vereint. Die Kr\u00e4utertropfen k\u00f6nnen in Wasser oder Tee gemischt werden und k\u00f6nnen so Ihre Nerven gl\u00e4tten &#8211;<\/p>\n","protected":false},"excerpt":{"rendered":"<p>Biofit Hildegard Balsamkraut\/Fenchel Tropfen unterst\u00fctzen Sie, wenn Stress und Hektik im Beruf oder Familienleben zu viel werden. In den Balsam-Kr\u00e4utertropfen sind die positiven Eigenschaften der Kr\u00e4utermischung in konzentrierter Form vereint. Die Kr\u00e4utertropfen k\u00f6nnen in Wasser oder Tee gemischt werden und k\u00f6nnen so Ihre Nerven gl\u00e4tten &#8211;<\/p>\n","protected":false},"featured_media":91241,"template":"","meta":{"_acf_changed":false},"product_brand":[1441],"product_cat":[292],"product_tag":[],"class_list":{"0":"post-91239","1":"product","2":"type-product","3":"status-publish","4":"has-post-thumbnail","6":"product_brand-biofit","7":"product_cat-b","8":"pa_packungsgroesse-100ml","10":"first","11":"instock","12":"shipping-taxable","13":"purchasable","14":"product-type-simple"},"acf":[],"_links":{"self":[{"href":"https:\/\/www.hirtenberg-apotheke.at\/katalog\/wp-json\/wp\/v2\/product\/91239","targetHints":{"allow":["GET"]}}],"collection":[{"href":"https:\/\/www.hirtenberg-apotheke.at\/katalog\/wp-json\/wp\/v2\/product"}],"about":[{"href":"https:\/\/www.hirtenberg-apotheke.at\/katalog\/wp-json\/wp\/v2\/types\/product"}],"wp:featuredmedia":[{"embeddable":true,"href":"https:\/\/www.hirtenberg-apotheke.at\/katalog\/wp-json\/wp\/v2\/media\/91241"}],"wp:attachment":[{"href":"https:\/\/www.hirtenberg-apotheke.at\/katalog\/wp-json\/wp\/v2\/media?parent=91239"}],"wp:term":[{"taxonomy":"product_brand","embeddable":true,"href":"https:\/\/www.hirtenberg-apotheke.at\/katalog\/wp-json\/wp\/v2\/product_brand?post=91239"},{"taxonomy":"product_cat","embeddable":true,"href":"https:\/\/www.hirtenberg-apotheke.at\/katalog\/wp-json\/wp\/v2\/product_cat?post=91239"},{"taxonomy":"product_tag","embeddable":true,"href":"https:\/\/www.hirtenberg-apotheke.at\/katalog\/wp-json\/wp\/v2\/product_tag?post=91239"}],"curies":[{"name":"wp","href":"https:\/\/api.w.org\/{rel}","templated":true}]}}