{"id":91710,"date":"2025-12-02T18:18:00","date_gmt":"2025-12-02T17:18:00","guid":{"rendered":"https:\/\/www.hirtenberg-apotheke.at\/katalog\/produkt\/buch-was-tun-wenn-der-darm-streikt-probiotika-sinnvoll-einsetzen-hilfe-bei-verstopfung-blaehungen-uebergewicht-1-stk\/"},"modified":"2025-12-02T18:18:04","modified_gmt":"2025-12-02T17:18:04","slug":"buch-was-tun-wenn-der-darm-streikt-probiotika-sinnvoll-einsetzen-hilfe-bei-verstopfung-blaehungen-uebergewicht-1-stk","status":"publish","type":"product","link":"https:\/\/www.hirtenberg-apotheke.at\/katalog\/produkt\/buch-was-tun-wenn-der-darm-streikt-probiotika-sinnvoll-einsetzen-hilfe-bei-verstopfung-blaehungen-uebergewicht-1-stk\/","title":{"rendered":"Buch Was tun, wenn der Darm streikt? &#8211; Probiotika sinnvoll einsetzen. Hilfe bei Verstopfung, Bl\u00e4hungen, \u00dcbergewicht 1 Stk."},"content":{"rendered":"<p>Buch Was tun, wenn der Darm streikt? &#8211; Probiotika sinnvoll einsetzen. Hilfe bei Verstopfung, Bl\u00e4hungen, \u00dcbergewicht. H\u00e4ufig ist die Schulmedizin ratlos bei diesen chronischen Beschwerden, die selten eine Krankheit als Ursache haben, jedoch die Lebensqualit\u00e4t massiv mindern. Anita Frauwallner hat Bew\u00e4hrtes aus der Ganzheitsmedizin und die neuesten Erkenntnisse aus der Forschung zu einem leicht verst\u00e4ndlichen Ratgeber zusammengestellt.<\/p>\n","protected":false},"excerpt":{"rendered":"<p>Buch Was tun, wenn der Darm streikt? &#8211; Probiotika sinnvoll einsetzen. Hilfe bei Verstopfung, Bl\u00e4hungen, \u00dcbergewicht. H\u00e4ufig ist die Schulmedizin ratlos bei diesen chronischen Beschwerden, die selten eine Krankheit als Ursache haben, jedoch die Lebensqualit\u00e4t massiv mindern. Anita Frauwallner hat Bew\u00e4hrtes aus der Ganzheitsmedizin und die neuesten Erkenntnisse aus der Forschung zu einem leicht verst\u00e4ndlichen [&hellip;]<\/p>\n","protected":false},"featured_media":91712,"template":"","meta":{"_acf_changed":false},"product_brand":[],"product_cat":[292],"product_tag":[],"class_list":{"0":"post-91710","1":"product","2":"type-product","3":"status-publish","4":"has-post-thumbnail","6":"product_cat-b","7":"pa_packungsgroesse-1-stueck","9":"first","10":"instock","11":"shipping-taxable","12":"purchasable","13":"product-type-simple"},"acf":[],"_links":{"self":[{"href":"https:\/\/www.hirtenberg-apotheke.at\/katalog\/wp-json\/wp\/v2\/product\/91710","targetHints":{"allow":["GET"]}}],"collection":[{"href":"https:\/\/www.hirtenberg-apotheke.at\/katalog\/wp-json\/wp\/v2\/product"}],"about":[{"href":"https:\/\/www.hirtenberg-apotheke.at\/katalog\/wp-json\/wp\/v2\/types\/product"}],"wp:featuredmedia":[{"embeddable":true,"href":"https:\/\/www.hirtenberg-apotheke.at\/katalog\/wp-json\/wp\/v2\/media\/91712"}],"wp:attachment":[{"href":"https:\/\/www.hirtenberg-apotheke.at\/katalog\/wp-json\/wp\/v2\/media?parent=91710"}],"wp:term":[{"taxonomy":"product_brand","embeddable":true,"href":"https:\/\/www.hirtenberg-apotheke.at\/katalog\/wp-json\/wp\/v2\/product_brand?post=91710"},{"taxonomy":"product_cat","embeddable":true,"href":"https:\/\/www.hirtenberg-apotheke.at\/katalog\/wp-json\/wp\/v2\/product_cat?post=91710"},{"taxonomy":"product_tag","embeddable":true,"href":"https:\/\/www.hirtenberg-apotheke.at\/katalog\/wp-json\/wp\/v2\/product_tag?post=91710"}],"curies":[{"name":"wp","href":"https:\/\/api.w.org\/{rel}","templated":true}]}}