{"id":91852,"date":"2025-12-02T18:21:49","date_gmt":"2025-12-02T17:21:49","guid":{"rendered":"https:\/\/www.hirtenberg-apotheke.at\/katalog\/produkt\/casacare-milbenex-bettenhygiene-100-ml\/"},"modified":"2025-12-02T18:21:56","modified_gmt":"2025-12-02T17:21:56","slug":"casacare-milbenex-bettenhygiene-100-ml","status":"publish","type":"product","link":"https:\/\/www.hirtenberg-apotheke.at\/katalog\/produkt\/casacare-milbenex-bettenhygiene-100-ml\/","title":{"rendered":"Casacare Milbenex Bettenhygiene 100 ml"},"content":{"rendered":"<p>Casacare Milbenex Bettenhygiene 100 ml wurde f\u00fcr die optimale Hygiene entwickelt, die mit dem menschlichen Bed\u00fcrfnis nach Reinheit und Sauberkeit in der Schlafst\u00e4tte einhergeht. Die Wirksamkeit des Sprays wurde in einer umfangreichen Testreihe bewiesen.<\/p>\n","protected":false},"excerpt":{"rendered":"<p>Casacare Milbenex Bettenhygiene 100 ml wurde f\u00fcr die optimale Hygiene entwickelt, die mit dem menschlichen Bed\u00fcrfnis nach Reinheit und Sauberkeit in der Schlafst\u00e4tte einhergeht. Die Wirksamkeit des Sprays wurde in einer umfangreichen Testreihe bewiesen.<\/p>\n","protected":false},"featured_media":91854,"template":"","meta":{"_acf_changed":false},"product_brand":[],"product_cat":[337],"product_tag":[],"class_list":{"0":"post-91852","1":"product","2":"type-product","3":"status-publish","4":"has-post-thumbnail","6":"product_cat-c","7":"pa_packungsgroesse-100ml","9":"first","10":"instock","11":"shipping-taxable","12":"purchasable","13":"product-type-simple"},"acf":[],"_links":{"self":[{"href":"https:\/\/www.hirtenberg-apotheke.at\/katalog\/wp-json\/wp\/v2\/product\/91852","targetHints":{"allow":["GET"]}}],"collection":[{"href":"https:\/\/www.hirtenberg-apotheke.at\/katalog\/wp-json\/wp\/v2\/product"}],"about":[{"href":"https:\/\/www.hirtenberg-apotheke.at\/katalog\/wp-json\/wp\/v2\/types\/product"}],"wp:featuredmedia":[{"embeddable":true,"href":"https:\/\/www.hirtenberg-apotheke.at\/katalog\/wp-json\/wp\/v2\/media\/91854"}],"wp:attachment":[{"href":"https:\/\/www.hirtenberg-apotheke.at\/katalog\/wp-json\/wp\/v2\/media?parent=91852"}],"wp:term":[{"taxonomy":"product_brand","embeddable":true,"href":"https:\/\/www.hirtenberg-apotheke.at\/katalog\/wp-json\/wp\/v2\/product_brand?post=91852"},{"taxonomy":"product_cat","embeddable":true,"href":"https:\/\/www.hirtenberg-apotheke.at\/katalog\/wp-json\/wp\/v2\/product_cat?post=91852"},{"taxonomy":"product_tag","embeddable":true,"href":"https:\/\/www.hirtenberg-apotheke.at\/katalog\/wp-json\/wp\/v2\/product_tag?post=91852"}],"curies":[{"name":"wp","href":"https:\/\/api.w.org\/{rel}","templated":true}]}}