{"id":92182,"date":"2025-12-02T18:31:40","date_gmt":"2025-12-02T17:31:40","guid":{"rendered":"https:\/\/www.hirtenberg-apotheke.at\/katalog\/produkt\/massageoel-biofit-hild-rosen-50-ml\/"},"modified":"2025-12-02T18:31:42","modified_gmt":"2025-12-02T17:31:42","slug":"massageoel-biofit-hild-rosen-50-ml","status":"publish","type":"product","link":"https:\/\/www.hirtenberg-apotheke.at\/katalog\/produkt\/massageoel-biofit-hild-rosen-50-ml\/","title":{"rendered":"Massage\u00f6l Biofit Hild Rosen 50 ml"},"content":{"rendered":"<p>Massage\u00f6l Biofit Hild Rosen eignet sich hervorragend f\u00fcr entspannende und erholende Massagen und verleiht ein beruhigendes Gef\u00fchl bei verspannten Muskeln. Laut Hildegard von Bingen ist die Kombination aus Oliven- und Rosen\u00f6l hierzu ideal.<\/p>\n","protected":false},"excerpt":{"rendered":"<p>Massage\u00f6l Biofit Hild Rosen eignet sich hervorragend f\u00fcr entspannende und erholende Massagen und verleiht ein beruhigendes Gef\u00fchl bei verspannten Muskeln. Laut Hildegard von Bingen ist die Kombination aus Oliven- und Rosen\u00f6l hierzu ideal.<\/p>\n","protected":false},"featured_media":0,"template":"","meta":{"_acf_changed":false},"product_brand":[1441],"product_cat":[308],"product_tag":[],"class_list":{"0":"post-92182","1":"product","2":"type-product","3":"status-publish","5":"product_brand-biofit","6":"product_cat-m","7":"pa_packungsgroesse-50ml","9":"first","10":"instock","11":"shipping-taxable","12":"purchasable","13":"product-type-simple"},"acf":[],"_links":{"self":[{"href":"https:\/\/www.hirtenberg-apotheke.at\/katalog\/wp-json\/wp\/v2\/product\/92182","targetHints":{"allow":["GET"]}}],"collection":[{"href":"https:\/\/www.hirtenberg-apotheke.at\/katalog\/wp-json\/wp\/v2\/product"}],"about":[{"href":"https:\/\/www.hirtenberg-apotheke.at\/katalog\/wp-json\/wp\/v2\/types\/product"}],"wp:attachment":[{"href":"https:\/\/www.hirtenberg-apotheke.at\/katalog\/wp-json\/wp\/v2\/media?parent=92182"}],"wp:term":[{"taxonomy":"product_brand","embeddable":true,"href":"https:\/\/www.hirtenberg-apotheke.at\/katalog\/wp-json\/wp\/v2\/product_brand?post=92182"},{"taxonomy":"product_cat","embeddable":true,"href":"https:\/\/www.hirtenberg-apotheke.at\/katalog\/wp-json\/wp\/v2\/product_cat?post=92182"},{"taxonomy":"product_tag","embeddable":true,"href":"https:\/\/www.hirtenberg-apotheke.at\/katalog\/wp-json\/wp\/v2\/product_tag?post=92182"}],"curies":[{"name":"wp","href":"https:\/\/api.w.org\/{rel}","templated":true}]}}