{"id":93273,"date":"2025-12-02T18:56:17","date_gmt":"2025-12-02T17:56:17","guid":{"rendered":"https:\/\/www.hirtenberg-apotheke.at\/katalog\/produkt\/desmanol-pure-gel-500-ml\/"},"modified":"2025-12-02T18:56:24","modified_gmt":"2025-12-02T17:56:24","slug":"desmanol-pure-gel-500-ml","status":"publish","type":"product","link":"https:\/\/www.hirtenberg-apotheke.at\/katalog\/produkt\/desmanol-pure-gel-500-ml\/","title":{"rendered":"desmanol pure gel 500 ml"},"content":{"rendered":"<p>desmanol pure gel ist ein extra pflegendes H\u00e4ndedesinfektionsgel mit Dexpanthenol und eignet sich sowohl zur hygienischen als auch zur chirurgischen H\u00e4ndedesinfektion. Es ist farbstoff- und parf\u00fcmfrei und dermatologisch getestet.<\/p>\n","protected":false},"excerpt":{"rendered":"<p>desmanol pure gel ist ein extra pflegendes H\u00e4ndedesinfektionsgel mit Dexpanthenol und eignet sich sowohl zur hygienischen als auch zur chirurgischen H\u00e4ndedesinfektion. Es ist farbstoff- und parf\u00fcmfrei und dermatologisch getestet.<\/p>\n","protected":false},"featured_media":93275,"template":"","meta":{"_acf_changed":false},"product_brand":[],"product_cat":[295],"product_tag":[],"class_list":{"0":"post-93273","1":"product","2":"type-product","3":"status-publish","4":"has-post-thumbnail","6":"product_cat-d","7":"pa_packungsgroesse-500ml","9":"first","10":"instock","11":"shipping-taxable","12":"purchasable","13":"product-type-simple"},"acf":[],"_links":{"self":[{"href":"https:\/\/www.hirtenberg-apotheke.at\/katalog\/wp-json\/wp\/v2\/product\/93273","targetHints":{"allow":["GET"]}}],"collection":[{"href":"https:\/\/www.hirtenberg-apotheke.at\/katalog\/wp-json\/wp\/v2\/product"}],"about":[{"href":"https:\/\/www.hirtenberg-apotheke.at\/katalog\/wp-json\/wp\/v2\/types\/product"}],"wp:featuredmedia":[{"embeddable":true,"href":"https:\/\/www.hirtenberg-apotheke.at\/katalog\/wp-json\/wp\/v2\/media\/93275"}],"wp:attachment":[{"href":"https:\/\/www.hirtenberg-apotheke.at\/katalog\/wp-json\/wp\/v2\/media?parent=93273"}],"wp:term":[{"taxonomy":"product_brand","embeddable":true,"href":"https:\/\/www.hirtenberg-apotheke.at\/katalog\/wp-json\/wp\/v2\/product_brand?post=93273"},{"taxonomy":"product_cat","embeddable":true,"href":"https:\/\/www.hirtenberg-apotheke.at\/katalog\/wp-json\/wp\/v2\/product_cat?post=93273"},{"taxonomy":"product_tag","embeddable":true,"href":"https:\/\/www.hirtenberg-apotheke.at\/katalog\/wp-json\/wp\/v2\/product_tag?post=93273"}],"curies":[{"name":"wp","href":"https:\/\/api.w.org\/{rel}","templated":true}]}}