{"id":94211,"date":"2025-12-02T19:43:21","date_gmt":"2025-12-02T18:43:21","guid":{"rendered":"https:\/\/www.hirtenberg-apotheke.at\/katalog\/produkt\/eco-cosmetics-pflegelotion-olive-granatapfel-200-ml\/"},"modified":"2025-12-02T19:43:27","modified_gmt":"2025-12-02T18:43:27","slug":"eco-cosmetics-pflegelotion-olive-granatapfel-200-ml","status":"publish","type":"product","link":"https:\/\/www.hirtenberg-apotheke.at\/katalog\/produkt\/eco-cosmetics-pflegelotion-olive-granatapfel-200-ml\/","title":{"rendered":"Eco Cosmetics Pflegelotion Olive &#038; Granatapfel 200 ml"},"content":{"rendered":"<p>Eco Cosmetics Pflegelotion Olive &#038; Granatapfel verleiht trockener und sensibler Haut neue Spannkraft und hilft au\u00dferdem ihre nat\u00fcrliche Elastizit\u00e4t zu erhalten. Die reichhaltigen Inhaltsstoffe pflegen die Haut samtweich und helfen weiters den Feuchtigkeitshaushalt auszugleichen. Das Produkte enth\u00e4lt teilweise biologische Inhaltsstoffe\u2013 nur mit hohem Rabatt, denn wir pulverisieren Preise!<\/p>\n","protected":false},"excerpt":{"rendered":"<p>Eco Cosmetics Pflegelotion Olive &#038; Granatapfel verleiht trockener und sensibler Haut neue Spannkraft und hilft au\u00dferdem ihre nat\u00fcrliche Elastizit\u00e4t zu erhalten. Die reichhaltigen Inhaltsstoffe pflegen die Haut samtweich und helfen weiters den Feuchtigkeitshaushalt auszugleichen. Das Produkte enth\u00e4lt teilweise biologische Inhaltsstoffe\u2013 nur mit hohem Rabatt, denn wir pulverisieren Preise!<\/p>\n","protected":false},"featured_media":94213,"template":"","meta":{"_acf_changed":false},"product_brand":[],"product_cat":[307],"product_tag":[],"class_list":{"0":"post-94211","1":"product","2":"type-product","3":"status-publish","4":"has-post-thumbnail","6":"product_cat-e","7":"pa_packungsgroesse-200ml","9":"first","10":"instock","11":"shipping-taxable","12":"purchasable","13":"product-type-simple"},"acf":[],"_links":{"self":[{"href":"https:\/\/www.hirtenberg-apotheke.at\/katalog\/wp-json\/wp\/v2\/product\/94211","targetHints":{"allow":["GET"]}}],"collection":[{"href":"https:\/\/www.hirtenberg-apotheke.at\/katalog\/wp-json\/wp\/v2\/product"}],"about":[{"href":"https:\/\/www.hirtenberg-apotheke.at\/katalog\/wp-json\/wp\/v2\/types\/product"}],"wp:featuredmedia":[{"embeddable":true,"href":"https:\/\/www.hirtenberg-apotheke.at\/katalog\/wp-json\/wp\/v2\/media\/94213"}],"wp:attachment":[{"href":"https:\/\/www.hirtenberg-apotheke.at\/katalog\/wp-json\/wp\/v2\/media?parent=94211"}],"wp:term":[{"taxonomy":"product_brand","embeddable":true,"href":"https:\/\/www.hirtenberg-apotheke.at\/katalog\/wp-json\/wp\/v2\/product_brand?post=94211"},{"taxonomy":"product_cat","embeddable":true,"href":"https:\/\/www.hirtenberg-apotheke.at\/katalog\/wp-json\/wp\/v2\/product_cat?post=94211"},{"taxonomy":"product_tag","embeddable":true,"href":"https:\/\/www.hirtenberg-apotheke.at\/katalog\/wp-json\/wp\/v2\/product_tag?post=94211"}],"curies":[{"name":"wp","href":"https:\/\/api.w.org\/{rel}","templated":true}]}}