{"id":94236,"date":"2025-12-02T19:44:18","date_gmt":"2025-12-02T18:44:18","guid":{"rendered":"https:\/\/www.hirtenberg-apotheke.at\/katalog\/produkt\/emasex-vitex-tabletten-100-stk\/"},"modified":"2025-12-02T19:44:35","modified_gmt":"2025-12-02T18:44:35","slug":"emasex-vitex-tabletten-100-stk","status":"publish","type":"product","link":"https:\/\/www.hirtenberg-apotheke.at\/katalog\/produkt\/emasex-vitex-tabletten-100-stk\/","title":{"rendered":"EMASEX vitex Tabletten 100 Stk."},"content":{"rendered":"<p>Bei Erektionsst\u00f6rungen (erektiler Dysfunktion) und sexueller Unlust hat sich Emasex vitex\u00ae bew\u00e4hrt: Das Medikament kann dabei unterst\u00fctzen, die Ursachen der Erektionsprobleme nach dem hom\u00f6opathischen Arzneimittelbild dauerhaft zu bek\u00e4mpfen. Hierf\u00fcr nutzt Emasex vitex\u00ae den Wirkstoff M\u00f6nchspfeffer, der zu einem ausgeglichenen, m\u00e4nnlichen Hormonspiegel beitr\u00e4gt<\/p>\n","protected":false},"excerpt":{"rendered":"<p>Bei Erektionsst\u00f6rungen (erektiler Dysfunktion) und sexueller Unlust hat sich Emasex vitex\u00ae bew\u00e4hrt: Das Medikament kann dabei unterst\u00fctzen, die Ursachen der Erektionsprobleme nach dem hom\u00f6opathischen Arzneimittelbild dauerhaft zu bek\u00e4mpfen. Hierf\u00fcr nutzt Emasex vitex\u00ae den Wirkstoff M\u00f6nchspfeffer, der zu einem ausgeglichenen, m\u00e4nnlichen Hormonspiegel beitr\u00e4gt<\/p>\n","protected":false},"featured_media":0,"template":"","meta":{"_acf_changed":false},"product_brand":[],"product_cat":[307],"product_tag":[],"class_list":{"0":"post-94236","1":"product","2":"type-product","3":"status-publish","5":"product_cat-e","6":"pa_packungsgroesse-100-stueck","8":"first","9":"instock","10":"shipping-taxable","11":"purchasable","12":"product-type-simple"},"acf":[],"_links":{"self":[{"href":"https:\/\/www.hirtenberg-apotheke.at\/katalog\/wp-json\/wp\/v2\/product\/94236","targetHints":{"allow":["GET"]}}],"collection":[{"href":"https:\/\/www.hirtenberg-apotheke.at\/katalog\/wp-json\/wp\/v2\/product"}],"about":[{"href":"https:\/\/www.hirtenberg-apotheke.at\/katalog\/wp-json\/wp\/v2\/types\/product"}],"wp:attachment":[{"href":"https:\/\/www.hirtenberg-apotheke.at\/katalog\/wp-json\/wp\/v2\/media?parent=94236"}],"wp:term":[{"taxonomy":"product_brand","embeddable":true,"href":"https:\/\/www.hirtenberg-apotheke.at\/katalog\/wp-json\/wp\/v2\/product_brand?post=94236"},{"taxonomy":"product_cat","embeddable":true,"href":"https:\/\/www.hirtenberg-apotheke.at\/katalog\/wp-json\/wp\/v2\/product_cat?post=94236"},{"taxonomy":"product_tag","embeddable":true,"href":"https:\/\/www.hirtenberg-apotheke.at\/katalog\/wp-json\/wp\/v2\/product_tag?post=94236"}],"curies":[{"name":"wp","href":"https:\/\/api.w.org\/{rel}","templated":true}]}}