{"id":94305,"date":"2025-12-02T19:46:07","date_gmt":"2025-12-02T18:46:07","guid":{"rendered":"https:\/\/www.hirtenberg-apotheke.at\/katalog\/produkt\/eucerin-dermatoclean-3-in-1-mizellen-reinigungsfluid-100-ml\/"},"modified":"2025-12-02T20:31:23","modified_gmt":"2025-12-02T19:31:23","slug":"eucerin-dermatoclean-3-in-1-mizellen-reinigungsfluid-100-ml","status":"publish","type":"product","link":"https:\/\/www.hirtenberg-apotheke.at\/katalog\/produkt\/eucerin-dermatoclean-3-in-1-mizellen-reinigungsfluid-100-ml\/","title":{"rendered":"Eucerin DermatoCLEAN 3 in 1 Mizellen-Reinigungsfluid 100 ml"},"content":{"rendered":"<p>Eucerin DermatoCLEAN 3 in 1 Mizellen-Reinigungsfluid &#8211; ein sanftes, aber gr\u00fcndliches Mizellenreinigungsfluid, das Unreinheiten und Make-up entfernt. Angereichert mit feuchtigkeitsspendenden Inhaltsstoffen, reinigt es gr\u00fcndlich und bewahrt die Haut vor dem Austrocknen. Geeignet f\u00fcr den t\u00e4glichen Gebrauch, sowie f\u00fcr empfindliche Haut.<\/p>\n","protected":false},"excerpt":{"rendered":"<p>Eucerin DermatoCLEAN 3 in 1 Mizellen-Reinigungsfluid &#8211; ein sanftes, aber gr\u00fcndliches Mizellenreinigungsfluid, das Unreinheiten und Make-up entfernt. Angereichert mit feuchtigkeitsspendenden Inhaltsstoffen, reinigt es gr\u00fcndlich und bewahrt die Haut vor dem Austrocknen. Geeignet f\u00fcr den t\u00e4glichen Gebrauch, sowie f\u00fcr empfindliche Haut.<\/p>\n","protected":false},"featured_media":94307,"template":"","meta":{"_acf_changed":false},"product_brand":[694],"product_cat":[307],"product_tag":[],"class_list":{"0":"post-94305","1":"product","2":"type-product","3":"status-publish","4":"has-post-thumbnail","6":"product_brand-eucerin","7":"product_cat-e","8":"pa_packungsgroesse-100ml","10":"first","11":"instock","12":"shipping-taxable","13":"purchasable","14":"product-type-simple"},"acf":[],"_links":{"self":[{"href":"https:\/\/www.hirtenberg-apotheke.at\/katalog\/wp-json\/wp\/v2\/product\/94305","targetHints":{"allow":["GET"]}}],"collection":[{"href":"https:\/\/www.hirtenberg-apotheke.at\/katalog\/wp-json\/wp\/v2\/product"}],"about":[{"href":"https:\/\/www.hirtenberg-apotheke.at\/katalog\/wp-json\/wp\/v2\/types\/product"}],"wp:featuredmedia":[{"embeddable":true,"href":"https:\/\/www.hirtenberg-apotheke.at\/katalog\/wp-json\/wp\/v2\/media\/94307"}],"wp:attachment":[{"href":"https:\/\/www.hirtenberg-apotheke.at\/katalog\/wp-json\/wp\/v2\/media?parent=94305"}],"wp:term":[{"taxonomy":"product_brand","embeddable":true,"href":"https:\/\/www.hirtenberg-apotheke.at\/katalog\/wp-json\/wp\/v2\/product_brand?post=94305"},{"taxonomy":"product_cat","embeddable":true,"href":"https:\/\/www.hirtenberg-apotheke.at\/katalog\/wp-json\/wp\/v2\/product_cat?post=94305"},{"taxonomy":"product_tag","embeddable":true,"href":"https:\/\/www.hirtenberg-apotheke.at\/katalog\/wp-json\/wp\/v2\/product_tag?post=94305"}],"curies":[{"name":"wp","href":"https:\/\/api.w.org\/{rel}","templated":true}]}}