{"id":95146,"date":"2025-12-02T20:48:31","date_gmt":"2025-12-02T19:48:31","guid":{"rendered":"https:\/\/www.hirtenberg-apotheke.at\/katalog\/produkt\/formoline-kurkonzept-kombipackung-1-pkg\/"},"modified":"2025-12-02T20:48:35","modified_gmt":"2025-12-02T19:48:35","slug":"formoline-kurkonzept-kombipackung-1-pkg","status":"publish","type":"product","link":"https:\/\/www.hirtenberg-apotheke.at\/katalog\/produkt\/formoline-kurkonzept-kombipackung-1-pkg\/","title":{"rendered":"Formoline Kurkonzept-Kombipackung 1 Pkg."},"content":{"rendered":"<p>Der Artikel Formoline Kurkonzept-Kombipackung wurde vom Hersteller aufgelassen und stattdessen ein neues, umfassenden Abnehm-Konzept f\u00fcr Sie entwickelt: formoline Abnehm-Power-3fach kombiniert die wirkungsvollen Produkte formoline L112 und formoline eiwei\u00df-di\u00e4t sowie das formoline Buch Hier geht es zum Produkt<\/p>\n","protected":false},"excerpt":{"rendered":"<p>Der Artikel Formoline Kurkonzept-Kombipackung wurde vom Hersteller aufgelassen und stattdessen ein neues, umfassenden Abnehm-Konzept f\u00fcr Sie entwickelt: formoline Abnehm-Power-3fach kombiniert die wirkungsvollen Produkte formoline L112 und formoline eiwei\u00df-di\u00e4t sowie das formoline Buch Hier geht es zum Produkt<\/p>\n","protected":false},"featured_media":0,"template":"","meta":{"_acf_changed":false},"product_brand":[],"product_cat":[322],"product_tag":[],"class_list":{"0":"post-95146","1":"product","2":"type-product","3":"status-publish","5":"product_cat-f","6":"pa_packungsgroesse-1-stueck","8":"first","9":"instock","10":"shipping-taxable","11":"purchasable","12":"product-type-simple"},"acf":[],"_links":{"self":[{"href":"https:\/\/www.hirtenberg-apotheke.at\/katalog\/wp-json\/wp\/v2\/product\/95146","targetHints":{"allow":["GET"]}}],"collection":[{"href":"https:\/\/www.hirtenberg-apotheke.at\/katalog\/wp-json\/wp\/v2\/product"}],"about":[{"href":"https:\/\/www.hirtenberg-apotheke.at\/katalog\/wp-json\/wp\/v2\/types\/product"}],"wp:attachment":[{"href":"https:\/\/www.hirtenberg-apotheke.at\/katalog\/wp-json\/wp\/v2\/media?parent=95146"}],"wp:term":[{"taxonomy":"product_brand","embeddable":true,"href":"https:\/\/www.hirtenberg-apotheke.at\/katalog\/wp-json\/wp\/v2\/product_brand?post=95146"},{"taxonomy":"product_cat","embeddable":true,"href":"https:\/\/www.hirtenberg-apotheke.at\/katalog\/wp-json\/wp\/v2\/product_cat?post=95146"},{"taxonomy":"product_tag","embeddable":true,"href":"https:\/\/www.hirtenberg-apotheke.at\/katalog\/wp-json\/wp\/v2\/product_tag?post=95146"}],"curies":[{"name":"wp","href":"https:\/\/api.w.org\/{rel}","templated":true}]}}