{"id":95444,"date":"2025-12-02T20:55:25","date_gmt":"2025-12-02T19:55:25","guid":{"rendered":"https:\/\/www.hirtenberg-apotheke.at\/katalog\/produkt\/gum-ortho-mundspuelung-300-ml\/"},"modified":"2025-12-02T20:55:37","modified_gmt":"2025-12-02T19:55:37","slug":"gum-ortho-mundspuelung-300-ml","status":"publish","type":"product","link":"https:\/\/www.hirtenberg-apotheke.at\/katalog\/produkt\/gum-ortho-mundspuelung-300-ml\/","title":{"rendered":"Gum Ortho Mundsp\u00fclung 300 ml"},"content":{"rendered":"<p>Fortschrittliche Kariesprophylaxe und Zahnfleischschutz.H\u00f6herer Fluoridgehalt (400 ppm) als normaleMundsp\u00fclungen f\u00fcr eine \u00fcberlegene Remineralisierung.Mit 0,05 % Cetylpyridiniumchlorid.Nat\u00fcrliche reizmindernde Inhaltsstoffe (Bisabolol,Ingwerextrakt, Aloe vera, Vitamin E) zur Beruhigungdes Zahnfleisches.Sanftes Minzaroma.Alkoholfrei.<\/p>\n","protected":false},"excerpt":{"rendered":"<p>Fortschrittliche Kariesprophylaxe und Zahnfleischschutz.H\u00f6herer Fluoridgehalt (400 ppm) als normaleMundsp\u00fclungen f\u00fcr eine \u00fcberlegene Remineralisierung.Mit 0,05 % Cetylpyridiniumchlorid.Nat\u00fcrliche reizmindernde Inhaltsstoffe (Bisabolol,Ingwerextrakt, Aloe vera, Vitamin E) zur Beruhigungdes Zahnfleisches.Sanftes Minzaroma.Alkoholfrei.<\/p>\n","protected":false},"featured_media":95446,"template":"","meta":{"_acf_changed":false},"product_brand":[886],"product_cat":[328],"product_tag":[],"class_list":{"0":"post-95444","1":"product","2":"type-product","3":"status-publish","4":"has-post-thumbnail","6":"product_brand-g-u-m","7":"product_cat-g","8":"pa_packungsgroesse-300ml","10":"first","11":"instock","12":"shipping-taxable","13":"purchasable","14":"product-type-simple"},"acf":[],"_links":{"self":[{"href":"https:\/\/www.hirtenberg-apotheke.at\/katalog\/wp-json\/wp\/v2\/product\/95444","targetHints":{"allow":["GET"]}}],"collection":[{"href":"https:\/\/www.hirtenberg-apotheke.at\/katalog\/wp-json\/wp\/v2\/product"}],"about":[{"href":"https:\/\/www.hirtenberg-apotheke.at\/katalog\/wp-json\/wp\/v2\/types\/product"}],"wp:featuredmedia":[{"embeddable":true,"href":"https:\/\/www.hirtenberg-apotheke.at\/katalog\/wp-json\/wp\/v2\/media\/95446"}],"wp:attachment":[{"href":"https:\/\/www.hirtenberg-apotheke.at\/katalog\/wp-json\/wp\/v2\/media?parent=95444"}],"wp:term":[{"taxonomy":"product_brand","embeddable":true,"href":"https:\/\/www.hirtenberg-apotheke.at\/katalog\/wp-json\/wp\/v2\/product_brand?post=95444"},{"taxonomy":"product_cat","embeddable":true,"href":"https:\/\/www.hirtenberg-apotheke.at\/katalog\/wp-json\/wp\/v2\/product_cat?post=95444"},{"taxonomy":"product_tag","embeddable":true,"href":"https:\/\/www.hirtenberg-apotheke.at\/katalog\/wp-json\/wp\/v2\/product_tag?post=95444"}],"curies":[{"name":"wp","href":"https:\/\/api.w.org\/{rel}","templated":true}]}}