{"id":95455,"date":"2025-12-02T20:55:37","date_gmt":"2025-12-02T19:55:37","guid":{"rendered":"https:\/\/www.hirtenberg-apotheke.at\/katalog\/produkt\/gynella-silver-foam-50-ml\/"},"modified":"2025-12-02T20:56:08","modified_gmt":"2025-12-02T19:56:08","slug":"gynella-silver-foam-50-ml","status":"publish","type":"product","link":"https:\/\/www.hirtenberg-apotheke.at\/katalog\/produkt\/gynella-silver-foam-50-ml\/","title":{"rendered":"Gynella Silver Foam 50 ml"},"content":{"rendered":"<p>Komfort f\u00fcr den Intimbereich. Das Medizinprodukt GYNELLA Silver Foam ist ein sch\u00fctzender Schaum zur unterst\u00fctzenden Behandlung einer Vulvovaginitis. Diese kann durch Bakterien, Pilze (z.B. Candidiasis) oder Viren (z.B. Genitalwarzen) ausgel\u00f6st werden.<\/p>\n","protected":false},"excerpt":{"rendered":"<p>Komfort f\u00fcr den Intimbereich. Das Medizinprodukt GYNELLA Silver Foam ist ein sch\u00fctzender Schaum zur unterst\u00fctzenden Behandlung einer Vulvovaginitis. Diese kann durch Bakterien, Pilze (z.B. Candidiasis) oder Viren (z.B. Genitalwarzen) ausgel\u00f6st werden.<\/p>\n","protected":false},"featured_media":95457,"template":"","meta":{"_acf_changed":false},"product_brand":[],"product_cat":[328],"product_tag":[],"class_list":{"0":"post-95455","1":"product","2":"type-product","3":"status-publish","4":"has-post-thumbnail","6":"product_cat-g","7":"pa_packungsgroesse-50ml","9":"first","10":"instock","11":"shipping-taxable","12":"purchasable","13":"product-type-simple"},"acf":[],"_links":{"self":[{"href":"https:\/\/www.hirtenberg-apotheke.at\/katalog\/wp-json\/wp\/v2\/product\/95455","targetHints":{"allow":["GET"]}}],"collection":[{"href":"https:\/\/www.hirtenberg-apotheke.at\/katalog\/wp-json\/wp\/v2\/product"}],"about":[{"href":"https:\/\/www.hirtenberg-apotheke.at\/katalog\/wp-json\/wp\/v2\/types\/product"}],"wp:featuredmedia":[{"embeddable":true,"href":"https:\/\/www.hirtenberg-apotheke.at\/katalog\/wp-json\/wp\/v2\/media\/95457"}],"wp:attachment":[{"href":"https:\/\/www.hirtenberg-apotheke.at\/katalog\/wp-json\/wp\/v2\/media?parent=95455"}],"wp:term":[{"taxonomy":"product_brand","embeddable":true,"href":"https:\/\/www.hirtenberg-apotheke.at\/katalog\/wp-json\/wp\/v2\/product_brand?post=95455"},{"taxonomy":"product_cat","embeddable":true,"href":"https:\/\/www.hirtenberg-apotheke.at\/katalog\/wp-json\/wp\/v2\/product_cat?post=95455"},{"taxonomy":"product_tag","embeddable":true,"href":"https:\/\/www.hirtenberg-apotheke.at\/katalog\/wp-json\/wp\/v2\/product_tag?post=95455"}],"curies":[{"name":"wp","href":"https:\/\/api.w.org\/{rel}","templated":true}]}}