{"id":95690,"date":"2025-12-02T21:03:31","date_gmt":"2025-12-02T20:03:31","guid":{"rendered":"https:\/\/www.hirtenberg-apotheke.at\/katalog\/produkt\/dr-hauschka-lipstick-41-g-11-amaryllis\/"},"modified":"2025-12-02T21:03:37","modified_gmt":"2025-12-02T20:03:37","slug":"dr-hauschka-lipstick-41-g-11-amaryllis","status":"publish","type":"product","link":"https:\/\/www.hirtenberg-apotheke.at\/katalog\/produkt\/dr-hauschka-lipstick-41-g-11-amaryllis\/","title":{"rendered":"Dr. Hauschka Lipstick 4,1 g 11 Amaryllis"},"content":{"rendered":"<p>Dr. Hauschka Lipstick wird Ihr pers\u00f6hnliches Lippengeheimnis mit einer intensiven Farbe und zartem Glanz. Zus\u00e4tzlich wirkt der Lippenstift pflegend mit Mineralpigmenten und Heilpflanzenausz\u00fcgen.<\/p>\n","protected":false},"excerpt":{"rendered":"<p>Dr. Hauschka Lipstick wird Ihr pers\u00f6hnliches Lippengeheimnis mit einer intensiven Farbe und zartem Glanz. Zus\u00e4tzlich wirkt der Lippenstift pflegend mit Mineralpigmenten und Heilpflanzenausz\u00fcgen.<\/p>\n","protected":false},"featured_media":95692,"template":"","meta":{"_acf_changed":false},"product_brand":[728],"product_cat":[295],"product_tag":[],"class_list":{"0":"post-95690","1":"product","2":"type-product","3":"status-publish","4":"has-post-thumbnail","6":"product_brand-hauschka","7":"product_cat-d","8":"pa_packungsgroesse-1-stueck","10":"first","11":"instock","12":"shipping-taxable","13":"purchasable","14":"product-type-simple"},"acf":[],"_links":{"self":[{"href":"https:\/\/www.hirtenberg-apotheke.at\/katalog\/wp-json\/wp\/v2\/product\/95690","targetHints":{"allow":["GET"]}}],"collection":[{"href":"https:\/\/www.hirtenberg-apotheke.at\/katalog\/wp-json\/wp\/v2\/product"}],"about":[{"href":"https:\/\/www.hirtenberg-apotheke.at\/katalog\/wp-json\/wp\/v2\/types\/product"}],"wp:featuredmedia":[{"embeddable":true,"href":"https:\/\/www.hirtenberg-apotheke.at\/katalog\/wp-json\/wp\/v2\/media\/95692"}],"wp:attachment":[{"href":"https:\/\/www.hirtenberg-apotheke.at\/katalog\/wp-json\/wp\/v2\/media?parent=95690"}],"wp:term":[{"taxonomy":"product_brand","embeddable":true,"href":"https:\/\/www.hirtenberg-apotheke.at\/katalog\/wp-json\/wp\/v2\/product_brand?post=95690"},{"taxonomy":"product_cat","embeddable":true,"href":"https:\/\/www.hirtenberg-apotheke.at\/katalog\/wp-json\/wp\/v2\/product_cat?post=95690"},{"taxonomy":"product_tag","embeddable":true,"href":"https:\/\/www.hirtenberg-apotheke.at\/katalog\/wp-json\/wp\/v2\/product_tag?post=95690"}],"curies":[{"name":"wp","href":"https:\/\/api.w.org\/{rel}","templated":true}]}}