{"id":96499,"date":"2025-12-02T21:21:51","date_gmt":"2025-12-02T20:21:51","guid":{"rendered":"https:\/\/www.hirtenberg-apotheke.at\/katalog\/produkt\/henna-plus-powder-100-g-dark-brown\/"},"modified":"2025-12-02T21:21:53","modified_gmt":"2025-12-02T20:21:53","slug":"henna-plus-powder-100-g-dark-brown","status":"publish","type":"product","link":"https:\/\/www.hirtenberg-apotheke.at\/katalog\/produkt\/henna-plus-powder-100-g-dark-brown\/","title":{"rendered":"Henna Plus Powder 100 g Dark Brown"},"content":{"rendered":"<p>Henna Plus Powder hinterl\u00e4sst einen warmen Glanz im Haar. Eine F\u00e4rbung mit diesem Produkt verleiht dem Haar extra Volumen und Spannkraft. Ideal f\u00fcr feines und mattes Haar. Nach einer Anwendung mit diesem Puder K\u00f6nnen F\u00e4rbungen aller Marken verwendet werden.<\/p>\n","protected":false},"excerpt":{"rendered":"<p>Henna Plus Powder hinterl\u00e4sst einen warmen Glanz im Haar. Eine F\u00e4rbung mit diesem Produkt verleiht dem Haar extra Volumen und Spannkraft. Ideal f\u00fcr feines und mattes Haar. Nach einer Anwendung mit diesem Puder K\u00f6nnen F\u00e4rbungen aller Marken verwendet werden.<\/p>\n","protected":false},"featured_media":0,"template":"","meta":{"_acf_changed":false},"product_brand":[1456],"product_cat":[330],"product_tag":[],"class_list":{"0":"post-96499","1":"product","2":"type-product","3":"status-publish","5":"product_brand-hennaplus","6":"product_cat-h","7":"pa_packungsgroesse-100g","9":"first","10":"instock","11":"shipping-taxable","12":"purchasable","13":"product-type-simple"},"acf":[],"_links":{"self":[{"href":"https:\/\/www.hirtenberg-apotheke.at\/katalog\/wp-json\/wp\/v2\/product\/96499","targetHints":{"allow":["GET"]}}],"collection":[{"href":"https:\/\/www.hirtenberg-apotheke.at\/katalog\/wp-json\/wp\/v2\/product"}],"about":[{"href":"https:\/\/www.hirtenberg-apotheke.at\/katalog\/wp-json\/wp\/v2\/types\/product"}],"wp:attachment":[{"href":"https:\/\/www.hirtenberg-apotheke.at\/katalog\/wp-json\/wp\/v2\/media?parent=96499"}],"wp:term":[{"taxonomy":"product_brand","embeddable":true,"href":"https:\/\/www.hirtenberg-apotheke.at\/katalog\/wp-json\/wp\/v2\/product_brand?post=96499"},{"taxonomy":"product_cat","embeddable":true,"href":"https:\/\/www.hirtenberg-apotheke.at\/katalog\/wp-json\/wp\/v2\/product_cat?post=96499"},{"taxonomy":"product_tag","embeddable":true,"href":"https:\/\/www.hirtenberg-apotheke.at\/katalog\/wp-json\/wp\/v2\/product_tag?post=96499"}],"curies":[{"name":"wp","href":"https:\/\/api.w.org\/{rel}","templated":true}]}}