{"id":96712,"date":"2025-12-02T21:27:08","date_gmt":"2025-12-02T20:27:08","guid":{"rendered":"https:\/\/www.hirtenberg-apotheke.at\/katalog\/produkt\/gall-pharma-isoleucin-kapseln-500mg-60-stk\/"},"modified":"2025-12-02T21:27:21","modified_gmt":"2025-12-02T20:27:21","slug":"gall-pharma-isoleucin-kapseln-500mg-60-stk","status":"publish","type":"product","link":"https:\/\/www.hirtenberg-apotheke.at\/katalog\/produkt\/gall-pharma-isoleucin-kapseln-500mg-60-stk\/","title":{"rendered":"Gall Pharma Isoleucin Kapseln 500mg 60 Stk."},"content":{"rendered":"<p>Isoleucin 500 mg GPH Kapseln enthalten L-Isoleucin, eine gehirnaktive Aminos\u00e4ure die auch wesentlich f\u00fcr muskul\u00e4re Ausdauer ist. Sie ist in gro\u00dfer Konzentration im Muskelgewebe vorhanden. Mangelerscheinungen \u00e4u\u00dfern sich durch Sch\u00fctteln und Kr\u00e4mpfe.<\/p>\n","protected":false},"excerpt":{"rendered":"<p>Isoleucin 500 mg GPH Kapseln enthalten L-Isoleucin, eine gehirnaktive Aminos\u00e4ure die auch wesentlich f\u00fcr muskul\u00e4re Ausdauer ist. Sie ist in gro\u00dfer Konzentration im Muskelgewebe vorhanden. Mangelerscheinungen \u00e4u\u00dfern sich durch Sch\u00fctteln und Kr\u00e4mpfe.<\/p>\n","protected":false},"featured_media":96714,"template":"","meta":{"_acf_changed":false},"product_brand":[316],"product_cat":[328],"product_tag":[],"class_list":{"0":"post-96712","1":"product","2":"type-product","3":"status-publish","4":"has-post-thumbnail","6":"product_brand-gall-pharma","7":"product_cat-g","8":"pa_packungsgroesse-60-stueck","10":"first","11":"instock","12":"shipping-taxable","13":"purchasable","14":"product-type-simple"},"acf":[],"_links":{"self":[{"href":"https:\/\/www.hirtenberg-apotheke.at\/katalog\/wp-json\/wp\/v2\/product\/96712","targetHints":{"allow":["GET"]}}],"collection":[{"href":"https:\/\/www.hirtenberg-apotheke.at\/katalog\/wp-json\/wp\/v2\/product"}],"about":[{"href":"https:\/\/www.hirtenberg-apotheke.at\/katalog\/wp-json\/wp\/v2\/types\/product"}],"wp:featuredmedia":[{"embeddable":true,"href":"https:\/\/www.hirtenberg-apotheke.at\/katalog\/wp-json\/wp\/v2\/media\/96714"}],"wp:attachment":[{"href":"https:\/\/www.hirtenberg-apotheke.at\/katalog\/wp-json\/wp\/v2\/media?parent=96712"}],"wp:term":[{"taxonomy":"product_brand","embeddable":true,"href":"https:\/\/www.hirtenberg-apotheke.at\/katalog\/wp-json\/wp\/v2\/product_brand?post=96712"},{"taxonomy":"product_cat","embeddable":true,"href":"https:\/\/www.hirtenberg-apotheke.at\/katalog\/wp-json\/wp\/v2\/product_cat?post=96712"},{"taxonomy":"product_tag","embeddable":true,"href":"https:\/\/www.hirtenberg-apotheke.at\/katalog\/wp-json\/wp\/v2\/product_tag?post=96712"}],"curies":[{"name":"wp","href":"https:\/\/api.w.org\/{rel}","templated":true}]}}