{"id":96806,"date":"2025-12-02T21:29:24","date_gmt":"2025-12-02T20:29:24","guid":{"rendered":"https:\/\/www.hirtenberg-apotheke.at\/katalog\/produkt\/karex-kinder-zahnpasta-50-ml\/"},"modified":"2025-12-02T21:30:06","modified_gmt":"2025-12-02T20:30:06","slug":"karex-kinder-zahnpasta-50-ml","status":"publish","type":"product","link":"https:\/\/www.hirtenberg-apotheke.at\/katalog\/produkt\/karex-kinder-zahnpasta-50-ml\/","title":{"rendered":"Karex Kinder Zahnpasta 50 ml"},"content":{"rendered":"<p>Das Kinder Karex Zahnschutz-Gel enth\u00e4lt den zahnverwandten Wirkstoff BioHAP*. Das steht f\u00fcr \u201eBiomimetischer Hydroxylapatit\u201c \u2013 der Stoff, aus dem unsere Z\u00e4hne gemacht sind.<\/p>\n<p>&#13;<\/p>\n<p>Das hochdosierte Gel unterst\u00fctzt die Karies-Prophylaxe, indem es eine Schutzschicht auf dem Zahn bildet. Diese erschwert es den Bakterien, am Zahn anzuhaften, und sch\u00fctzt so wirksam vor Karies.<\/p>\n<p>&#13;<\/p>\n<p>Das Gel f\u00f6rdert die Remineralisation des Zahnschmelzes mit BioHAP* als nat\u00fcrliche Calcium-Quelle. Durch Zahnbelag und s\u00e4urehaltige Lebensmittel wird dem Zahnschmelz Calcium entzogen. BioHAP* lagert sich an den Zahnoberfl\u00e4chen an, Calcium kann wieder in den Schmelz eingelagert werden. Das nennt man Remineralisation. Durch die hohe \u00dcbereinstimmung mit dem nat\u00fcrlichen Zahnmineral remineralisiert BioHAP* sogar tiefere Schichten des Zahnschmelzes.<\/p>\n<p>&#13;<\/p>\n<p>Durch die \u00c4hnlichkeit mit dem k\u00f6rpereigenen Zahnmineral ist BioHAP* bei Verschlucken absolut unbedenklich und somit ab dem ersten Zahn geeignet.<\/p>\n<p>&#13;<\/p>\n<p><strong>+ Xylit:<\/strong> Dieser Inhaltsstoff wirkt zus\u00e4tzlich gegen Bakterien und Zahnbelag.<\/p>\n<p>&#13;<\/p>\n<p><strong>Weitere Anwendungsbereiche:<\/strong><br \/>Neben der Karies-Prophylaxe nach dem Z\u00e4hneputzen ist das Kinder Karex Zahnschutz-Gel f\u00fcr weitere Anwendungsbereiche geeignet, z.B. f\u00fcr:<\/p>\n<p>&#13;<\/p>\n<ul>&#13;<\/p>\n<li>Patienten mit Multibandtherapie (Brackets-Patienten): Patienten haben aufgrund der kieferorthop\u00e4dischen Apparaturen h\u00e4ufig Schwierigkeiten bei der vollst\u00e4ndigen Plaque-Entfernung und damit ein erh\u00f6htes Karies-Risiko (White-Spot-L\u00e4sionen).<\/li>\n<p>&#13;<\/p>\n<li>MIH (Kreidez\u00e4hne): Z\u00e4hne mit MIH (Molaren-Inzisiven-Hypomineralisation) haben keinen vollst\u00e4ndig mineralisierten Zahnschmelz. Eine zus\u00e4tzliche regelm\u00e4\u00dfige Remineralisierung ist wichtig, um den Zahn zu sch\u00fctzen und Empfindlichkeiten vorzubeugen. BioHAP* lagert sich auf den Z\u00e4hnen und Zahnh\u00e4lsen an und hilft so auch bei schmerzempfindlichen Z\u00e4hnen.<\/li>\n<p>&#13;\n<\/ul>\n","protected":false},"excerpt":{"rendered":"<p>Das Kinder Karex Zahnschutz-Gel enth\u00e4lt den zahnverwandten Wirkstoff BioHAP*. Das steht f\u00fcr \u201eBiomimetischer Hydroxylapatit\u201c \u2013 der Stoff, aus dem unsere Z\u00e4hne gemacht sind. &#13; Das hochdosierte Gel unterst\u00fctzt die Karies-Prophylaxe, indem es eine Schutzschicht auf dem Zahn bildet. Diese erschwert es den Bakterien, am Zahn anzuhaften, und sch\u00fctzt so wirksam vor Karies. &#13; Das Gel [&hellip;]<\/p>\n","protected":false},"featured_media":96808,"template":"","meta":{"_acf_changed":false},"product_brand":[],"product_cat":[387],"product_tag":[],"class_list":{"0":"post-96806","1":"product","2":"type-product","3":"status-publish","4":"has-post-thumbnail","6":"product_cat-k","7":"pa_packungsgroesse-50ml","9":"first","10":"instock","11":"shipping-taxable","12":"purchasable","13":"product-type-simple"},"acf":[],"_links":{"self":[{"href":"https:\/\/www.hirtenberg-apotheke.at\/katalog\/wp-json\/wp\/v2\/product\/96806","targetHints":{"allow":["GET"]}}],"collection":[{"href":"https:\/\/www.hirtenberg-apotheke.at\/katalog\/wp-json\/wp\/v2\/product"}],"about":[{"href":"https:\/\/www.hirtenberg-apotheke.at\/katalog\/wp-json\/wp\/v2\/types\/product"}],"wp:featuredmedia":[{"embeddable":true,"href":"https:\/\/www.hirtenberg-apotheke.at\/katalog\/wp-json\/wp\/v2\/media\/96808"}],"wp:attachment":[{"href":"https:\/\/www.hirtenberg-apotheke.at\/katalog\/wp-json\/wp\/v2\/media?parent=96806"}],"wp:term":[{"taxonomy":"product_brand","embeddable":true,"href":"https:\/\/www.hirtenberg-apotheke.at\/katalog\/wp-json\/wp\/v2\/product_brand?post=96806"},{"taxonomy":"product_cat","embeddable":true,"href":"https:\/\/www.hirtenberg-apotheke.at\/katalog\/wp-json\/wp\/v2\/product_cat?post=96806"},{"taxonomy":"product_tag","embeddable":true,"href":"https:\/\/www.hirtenberg-apotheke.at\/katalog\/wp-json\/wp\/v2\/product_tag?post=96806"}],"curies":[{"name":"wp","href":"https:\/\/api.w.org\/{rel}","templated":true}]}}