{"id":96861,"date":"2025-12-02T21:31:15","date_gmt":"2025-12-02T20:31:15","guid":{"rendered":"https:\/\/www.hirtenberg-apotheke.at\/katalog\/produkt\/kneipp-massageoel-mandelblueten-hautzart-100-ml\/"},"modified":"2025-12-02T21:31:18","modified_gmt":"2025-12-02T20:31:18","slug":"kneipp-massageoel-mandelblueten-hautzart-100-ml","status":"publish","type":"product","link":"https:\/\/www.hirtenberg-apotheke.at\/katalog\/produkt\/kneipp-massageoel-mandelblueten-hautzart-100-ml\/","title":{"rendered":"Kneipp Massage\u00f6l Mandelbl\u00fcten Hautzart 100 ml"},"content":{"rendered":"<p>Kneipp Massage\u00f6l Mandelbl\u00fcten Hautzart 100 ml n\u00e4hrt und pflegt trockene und sensible Haut reichhaltig. Der besondere Duft verzaubert Ihre Sinne und sorgt f\u00fcr pure Entspannung. Feuchtigkeitsspendendes Mandel\u00f6l und pflegendes Sonnenblumen\u00f6l sind f\u00fcr die Regeneration der Haut von gro\u00dfer Bedeutung. Abgerundet wird die nat\u00fcrliche Pflegewirkung durch zellsch\u00fctzendes Vitamin E. Das pflegende Massage\u00f6l l\u00e4sst sich leicht verteilen, zieht langsam ein und verstr\u00f6mt seinen angenehmen Duft durch die freigesetzte W\u00e4rme bei der Massage besonders intensiv.<\/p>\n","protected":false},"excerpt":{"rendered":"<p>Kneipp Massage\u00f6l Mandelbl\u00fcten Hautzart 100 ml n\u00e4hrt und pflegt trockene und sensible Haut reichhaltig. Der besondere Duft verzaubert Ihre Sinne und sorgt f\u00fcr pure Entspannung. Feuchtigkeitsspendendes Mandel\u00f6l und pflegendes Sonnenblumen\u00f6l sind f\u00fcr die Regeneration der Haut von gro\u00dfer Bedeutung. Abgerundet wird die nat\u00fcrliche Pflegewirkung durch zellsch\u00fctzendes Vitamin E. Das pflegende Massage\u00f6l l\u00e4sst sich leicht verteilen, [&hellip;]<\/p>\n","protected":false},"featured_media":96863,"template":"","meta":{"_acf_changed":false},"product_brand":[680],"product_cat":[387],"product_tag":[],"class_list":{"0":"post-96861","1":"product","2":"type-product","3":"status-publish","4":"has-post-thumbnail","6":"product_brand-kneipp","7":"product_cat-k","8":"pa_packungsgroesse-100ml","10":"first","11":"instock","12":"shipping-taxable","13":"purchasable","14":"product-type-simple"},"acf":[],"_links":{"self":[{"href":"https:\/\/www.hirtenberg-apotheke.at\/katalog\/wp-json\/wp\/v2\/product\/96861","targetHints":{"allow":["GET"]}}],"collection":[{"href":"https:\/\/www.hirtenberg-apotheke.at\/katalog\/wp-json\/wp\/v2\/product"}],"about":[{"href":"https:\/\/www.hirtenberg-apotheke.at\/katalog\/wp-json\/wp\/v2\/types\/product"}],"wp:featuredmedia":[{"embeddable":true,"href":"https:\/\/www.hirtenberg-apotheke.at\/katalog\/wp-json\/wp\/v2\/media\/96863"}],"wp:attachment":[{"href":"https:\/\/www.hirtenberg-apotheke.at\/katalog\/wp-json\/wp\/v2\/media?parent=96861"}],"wp:term":[{"taxonomy":"product_brand","embeddable":true,"href":"https:\/\/www.hirtenberg-apotheke.at\/katalog\/wp-json\/wp\/v2\/product_brand?post=96861"},{"taxonomy":"product_cat","embeddable":true,"href":"https:\/\/www.hirtenberg-apotheke.at\/katalog\/wp-json\/wp\/v2\/product_cat?post=96861"},{"taxonomy":"product_tag","embeddable":true,"href":"https:\/\/www.hirtenberg-apotheke.at\/katalog\/wp-json\/wp\/v2\/product_tag?post=96861"}],"curies":[{"name":"wp","href":"https:\/\/api.w.org\/{rel}","templated":true}]}}