{"id":96939,"date":"2025-12-02T21:33:33","date_gmt":"2025-12-02T20:33:33","guid":{"rendered":"https:\/\/www.hirtenberg-apotheke.at\/katalog\/produkt\/l-erbolario-gesichtscreme-50-ml-argan\/"},"modified":"2025-12-02T21:33:47","modified_gmt":"2025-12-02T20:33:47","slug":"l-erbolario-gesichtscreme-50-ml-argan","status":"publish","type":"product","link":"https:\/\/www.hirtenberg-apotheke.at\/katalog\/produkt\/l-erbolario-gesichtscreme-50-ml-argan\/","title":{"rendered":"L Erbolario Gesichtscreme 50 ml Argan"},"content":{"rendered":"<p>L&#8217;Erbolario Gesichtscreme gibt der Haut, was sie t\u00e4glich braucht. Die Creme macht die Haut nicht nur sch\u00f6ner, sondern hilft auch gegen Klimaver\u00e4nderungen und Umweltstress. Die Creme entfaltet ihre Wirkung am Besten, wenn sie mit leichten, ansteigenden Bewegungen in die gereinigte Haut einmassiert wird.<\/p>\n","protected":false},"excerpt":{"rendered":"<p>L&#8217;Erbolario Gesichtscreme gibt der Haut, was sie t\u00e4glich braucht. Die Creme macht die Haut nicht nur sch\u00f6ner, sondern hilft auch gegen Klimaver\u00e4nderungen und Umweltstress. Die Creme entfaltet ihre Wirkung am Besten, wenn sie mit leichten, ansteigenden Bewegungen in die gereinigte Haut einmassiert wird.<\/p>\n","protected":false},"featured_media":0,"template":"","meta":{"_acf_changed":false},"product_brand":[741],"product_cat":[317],"product_tag":[],"class_list":{"0":"post-96939","1":"product","2":"type-product","3":"status-publish","5":"product_brand-lerbolario","6":"product_cat-l","7":"pa_packungsgroesse-50ml","9":"first","10":"instock","11":"shipping-taxable","12":"purchasable","13":"product-type-simple"},"acf":[],"_links":{"self":[{"href":"https:\/\/www.hirtenberg-apotheke.at\/katalog\/wp-json\/wp\/v2\/product\/96939","targetHints":{"allow":["GET"]}}],"collection":[{"href":"https:\/\/www.hirtenberg-apotheke.at\/katalog\/wp-json\/wp\/v2\/product"}],"about":[{"href":"https:\/\/www.hirtenberg-apotheke.at\/katalog\/wp-json\/wp\/v2\/types\/product"}],"wp:attachment":[{"href":"https:\/\/www.hirtenberg-apotheke.at\/katalog\/wp-json\/wp\/v2\/media?parent=96939"}],"wp:term":[{"taxonomy":"product_brand","embeddable":true,"href":"https:\/\/www.hirtenberg-apotheke.at\/katalog\/wp-json\/wp\/v2\/product_brand?post=96939"},{"taxonomy":"product_cat","embeddable":true,"href":"https:\/\/www.hirtenberg-apotheke.at\/katalog\/wp-json\/wp\/v2\/product_cat?post=96939"},{"taxonomy":"product_tag","embeddable":true,"href":"https:\/\/www.hirtenberg-apotheke.at\/katalog\/wp-json\/wp\/v2\/product_tag?post=96939"}],"curies":[{"name":"wp","href":"https:\/\/api.w.org\/{rel}","templated":true}]}}