{"id":96941,"date":"2025-12-02T21:33:47","date_gmt":"2025-12-02T20:33:47","guid":{"rendered":"https:\/\/www.hirtenberg-apotheke.at\/katalog\/produkt\/hirsch-seife-terpentin-2-x-150-g\/"},"modified":"2025-12-02T21:33:48","modified_gmt":"2025-12-02T20:33:48","slug":"hirsch-seife-terpentin-2-x-150-g","status":"publish","type":"product","link":"https:\/\/www.hirtenberg-apotheke.at\/katalog\/produkt\/hirsch-seife-terpentin-2-x-150-g\/","title":{"rendered":"Hirsch Seife Terpentin 2 x 150 g"},"content":{"rendered":"<p>Hirsch Seife Terpentin &#8211; Die Seife aus nat\u00fcrlichen Stoffen eignet sich sowohl f\u00fcr die W\u00e4sche als auch f\u00fcr den Haushalt. Sie \u00fcberzeugt durch ihre gro\u00dfe Reinheit und die hohe Qualit\u00e4t. F\u00fcr W\u00e4sche und Haushalt geeignet. Seife auf nat\u00fcrlichen Stoffen. Reinigt gr\u00fcndlich und sauber &#8211; in bew\u00e4hrter Qualit\u00e4t..<\/p>\n","protected":false},"excerpt":{"rendered":"<p>Hirsch Seife Terpentin &#8211; Die Seife aus nat\u00fcrlichen Stoffen eignet sich sowohl f\u00fcr die W\u00e4sche als auch f\u00fcr den Haushalt. Sie \u00fcberzeugt durch ihre gro\u00dfe Reinheit und die hohe Qualit\u00e4t. F\u00fcr W\u00e4sche und Haushalt geeignet. Seife auf nat\u00fcrlichen Stoffen. Reinigt gr\u00fcndlich und sauber &#8211; in bew\u00e4hrter Qualit\u00e4t..<\/p>\n","protected":false},"featured_media":0,"template":"","meta":{"_acf_changed":false},"product_brand":[],"product_cat":[330],"product_tag":[],"class_list":{"0":"post-96941","1":"product","2":"type-product","3":"status-publish","5":"product_cat-h","6":"pa_packungsgroesse-2-stueck","8":"first","9":"instock","10":"shipping-taxable","11":"purchasable","12":"product-type-simple"},"acf":[],"_links":{"self":[{"href":"https:\/\/www.hirtenberg-apotheke.at\/katalog\/wp-json\/wp\/v2\/product\/96941","targetHints":{"allow":["GET"]}}],"collection":[{"href":"https:\/\/www.hirtenberg-apotheke.at\/katalog\/wp-json\/wp\/v2\/product"}],"about":[{"href":"https:\/\/www.hirtenberg-apotheke.at\/katalog\/wp-json\/wp\/v2\/types\/product"}],"wp:attachment":[{"href":"https:\/\/www.hirtenberg-apotheke.at\/katalog\/wp-json\/wp\/v2\/media?parent=96941"}],"wp:term":[{"taxonomy":"product_brand","embeddable":true,"href":"https:\/\/www.hirtenberg-apotheke.at\/katalog\/wp-json\/wp\/v2\/product_brand?post=96941"},{"taxonomy":"product_cat","embeddable":true,"href":"https:\/\/www.hirtenberg-apotheke.at\/katalog\/wp-json\/wp\/v2\/product_cat?post=96941"},{"taxonomy":"product_tag","embeddable":true,"href":"https:\/\/www.hirtenberg-apotheke.at\/katalog\/wp-json\/wp\/v2\/product_tag?post=96941"}],"curies":[{"name":"wp","href":"https:\/\/api.w.org\/{rel}","templated":true}]}}