{"id":97722,"date":"2025-12-02T21:51:52","date_gmt":"2025-12-02T20:51:52","guid":{"rendered":"https:\/\/www.hirtenberg-apotheke.at\/katalog\/produkt\/helan-kopflaeuse-vorbeugung-lotion-100-ml\/"},"modified":"2025-12-02T21:52:11","modified_gmt":"2025-12-02T20:52:11","slug":"helan-kopflaeuse-vorbeugung-lotion-100-ml","status":"publish","type":"product","link":"https:\/\/www.hirtenberg-apotheke.at\/katalog\/produkt\/helan-kopflaeuse-vorbeugung-lotion-100-ml\/","title":{"rendered":"Helan Kopfl\u00e4use Vorbeugung Lotion 100 ml"},"content":{"rendered":"<p>Helan Kopfl\u00e4use Vorbeugung Lotion mit ihren Wirkstoffen Grapefruit, Lavendelbl\u00fcten und Amargo Rinde verhindert die Wahrscheinlichkeit des Befalls von Kopfl\u00e4usen. Diese Lotion kommt in einem treibhausgasfreien Fl\u00e4schchen, welches das Produkt gleichm\u00e4\u00dfig auf dem Haar verteilt und vor Aggressionen sch\u00fctzt. Die Lotion ist durch den angenehmen Duft f\u00fcr den Anwender angenehm anzuwenden.<\/p>\n","protected":false},"excerpt":{"rendered":"<p>Helan Kopfl\u00e4use Vorbeugung Lotion mit ihren Wirkstoffen Grapefruit, Lavendelbl\u00fcten und Amargo Rinde verhindert die Wahrscheinlichkeit des Befalls von Kopfl\u00e4usen. Diese Lotion kommt in einem treibhausgasfreien Fl\u00e4schchen, welches das Produkt gleichm\u00e4\u00dfig auf dem Haar verteilt und vor Aggressionen sch\u00fctzt. Die Lotion ist durch den angenehmen Duft f\u00fcr den Anwender angenehm anzuwenden.<\/p>\n","protected":false},"featured_media":0,"template":"","meta":{"_acf_changed":false},"product_brand":[],"product_cat":[330],"product_tag":[],"class_list":{"0":"post-97722","1":"product","2":"type-product","3":"status-publish","5":"product_cat-h","6":"pa_packungsgroesse-100ml","8":"first","9":"instock","10":"shipping-taxable","11":"purchasable","12":"product-type-simple"},"acf":[],"_links":{"self":[{"href":"https:\/\/www.hirtenberg-apotheke.at\/katalog\/wp-json\/wp\/v2\/product\/97722","targetHints":{"allow":["GET"]}}],"collection":[{"href":"https:\/\/www.hirtenberg-apotheke.at\/katalog\/wp-json\/wp\/v2\/product"}],"about":[{"href":"https:\/\/www.hirtenberg-apotheke.at\/katalog\/wp-json\/wp\/v2\/types\/product"}],"wp:attachment":[{"href":"https:\/\/www.hirtenberg-apotheke.at\/katalog\/wp-json\/wp\/v2\/media?parent=97722"}],"wp:term":[{"taxonomy":"product_brand","embeddable":true,"href":"https:\/\/www.hirtenberg-apotheke.at\/katalog\/wp-json\/wp\/v2\/product_brand?post=97722"},{"taxonomy":"product_cat","embeddable":true,"href":"https:\/\/www.hirtenberg-apotheke.at\/katalog\/wp-json\/wp\/v2\/product_cat?post=97722"},{"taxonomy":"product_tag","embeddable":true,"href":"https:\/\/www.hirtenberg-apotheke.at\/katalog\/wp-json\/wp\/v2\/product_tag?post=97722"}],"curies":[{"name":"wp","href":"https:\/\/api.w.org\/{rel}","templated":true}]}}