{"id":98000,"date":"2025-12-02T21:58:32","date_gmt":"2025-12-02T20:58:32","guid":{"rendered":"https:\/\/www.hirtenberg-apotheke.at\/katalog\/produkt\/gall-pharma-l-argin-l-orn-l-lys-kapseln-100-stk\/"},"modified":"2025-12-02T21:58:40","modified_gmt":"2025-12-02T20:58:40","slug":"gall-pharma-l-argin-l-orn-l-lys-kapseln-100-stk","status":"publish","type":"product","link":"https:\/\/www.hirtenberg-apotheke.at\/katalog\/produkt\/gall-pharma-l-argin-l-orn-l-lys-kapseln-100-stk\/","title":{"rendered":"Gall Pharma L-Argin\/L-Orn\/L-Lys Kapseln 100 Stk."},"content":{"rendered":"<p>L-Arginin\/L-Ornithin\/L-Lysin 4:3:4 GPH Kapseln enthalten 120 mg L-Arginin, 90 mg L-Ornithin und 120 mg L-Lysin in einer Hartgelatinekapsel. Eine Kombination der Aminos\u00e4uren L-Arginin, L-Ornithin mit L-Lysin erh\u00f6ht deren Wirksamkeit. Dieses Produkt erhalten Sie in den Packungsgr\u00f6\u00dfen 100 und 750 St\u00fcck.<\/p>\n","protected":false},"excerpt":{"rendered":"<p>L-Arginin\/L-Ornithin\/L-Lysin 4:3:4 GPH Kapseln enthalten 120 mg L-Arginin, 90 mg L-Ornithin und 120 mg L-Lysin in einer Hartgelatinekapsel. Eine Kombination der Aminos\u00e4uren L-Arginin, L-Ornithin mit L-Lysin erh\u00f6ht deren Wirksamkeit. Dieses Produkt erhalten Sie in den Packungsgr\u00f6\u00dfen 100 und 750 St\u00fcck.<\/p>\n","protected":false},"featured_media":98002,"template":"","meta":{"_acf_changed":false},"product_brand":[],"product_cat":[328],"product_tag":[],"class_list":{"0":"post-98000","1":"product","2":"type-product","3":"status-publish","4":"has-post-thumbnail","6":"product_cat-g","7":"pa_packungsgroesse-100-stueck","9":"first","10":"instock","11":"shipping-taxable","12":"purchasable","13":"product-type-simple"},"acf":[],"_links":{"self":[{"href":"https:\/\/www.hirtenberg-apotheke.at\/katalog\/wp-json\/wp\/v2\/product\/98000","targetHints":{"allow":["GET"]}}],"collection":[{"href":"https:\/\/www.hirtenberg-apotheke.at\/katalog\/wp-json\/wp\/v2\/product"}],"about":[{"href":"https:\/\/www.hirtenberg-apotheke.at\/katalog\/wp-json\/wp\/v2\/types\/product"}],"wp:featuredmedia":[{"embeddable":true,"href":"https:\/\/www.hirtenberg-apotheke.at\/katalog\/wp-json\/wp\/v2\/media\/98002"}],"wp:attachment":[{"href":"https:\/\/www.hirtenberg-apotheke.at\/katalog\/wp-json\/wp\/v2\/media?parent=98000"}],"wp:term":[{"taxonomy":"product_brand","embeddable":true,"href":"https:\/\/www.hirtenberg-apotheke.at\/katalog\/wp-json\/wp\/v2\/product_brand?post=98000"},{"taxonomy":"product_cat","embeddable":true,"href":"https:\/\/www.hirtenberg-apotheke.at\/katalog\/wp-json\/wp\/v2\/product_cat?post=98000"},{"taxonomy":"product_tag","embeddable":true,"href":"https:\/\/www.hirtenberg-apotheke.at\/katalog\/wp-json\/wp\/v2\/product_tag?post=98000"}],"curies":[{"name":"wp","href":"https:\/\/api.w.org\/{rel}","templated":true}]}}