{"id":98431,"date":"2025-12-02T22:08:49","date_gmt":"2025-12-02T21:08:49","guid":{"rendered":"https:\/\/www.hirtenberg-apotheke.at\/katalog\/produkt\/lactamousse-fresh-waschschaum-125-ml\/"},"modified":"2025-12-02T22:09:50","modified_gmt":"2025-12-02T21:09:50","slug":"lactamousse-fresh-waschschaum-125-ml","status":"publish","type":"product","link":"https:\/\/www.hirtenberg-apotheke.at\/katalog\/produkt\/lactamousse-fresh-waschschaum-125-ml\/","title":{"rendered":"Lactamousse Fresh Waschschaum 125 ml"},"content":{"rendered":"<p>Lactamousse Fresh Waschschaum ist eine sanft reinigende und erfrischende Intimpflege mit Aloe Vera, Milchs\u00e4ure und Hamamelis. Zus\u00e4tzlich enth\u00e4lt der Pflegeschaum auch Hyalurons\u00e4ure und Extrakte wertvoller Heilpflanzen und ist frei von Parfumen, Farbstoffen und Alkaliseife.<\/p>\n","protected":false},"excerpt":{"rendered":"<p>Lactamousse Fresh Waschschaum ist eine sanft reinigende und erfrischende Intimpflege mit Aloe Vera, Milchs\u00e4ure und Hamamelis. Zus\u00e4tzlich enth\u00e4lt der Pflegeschaum auch Hyalurons\u00e4ure und Extrakte wertvoller Heilpflanzen und ist frei von Parfumen, Farbstoffen und Alkaliseife.<\/p>\n","protected":false},"featured_media":0,"template":"","meta":{"_acf_changed":false},"product_brand":[],"product_cat":[317],"product_tag":[],"class_list":{"0":"post-98431","1":"product","2":"type-product","3":"status-publish","5":"product_cat-l","6":"pa_packungsgroesse-125ml","8":"first","9":"instock","10":"shipping-taxable","11":"purchasable","12":"product-type-simple"},"acf":[],"_links":{"self":[{"href":"https:\/\/www.hirtenberg-apotheke.at\/katalog\/wp-json\/wp\/v2\/product\/98431","targetHints":{"allow":["GET"]}}],"collection":[{"href":"https:\/\/www.hirtenberg-apotheke.at\/katalog\/wp-json\/wp\/v2\/product"}],"about":[{"href":"https:\/\/www.hirtenberg-apotheke.at\/katalog\/wp-json\/wp\/v2\/types\/product"}],"wp:attachment":[{"href":"https:\/\/www.hirtenberg-apotheke.at\/katalog\/wp-json\/wp\/v2\/media?parent=98431"}],"wp:term":[{"taxonomy":"product_brand","embeddable":true,"href":"https:\/\/www.hirtenberg-apotheke.at\/katalog\/wp-json\/wp\/v2\/product_brand?post=98431"},{"taxonomy":"product_cat","embeddable":true,"href":"https:\/\/www.hirtenberg-apotheke.at\/katalog\/wp-json\/wp\/v2\/product_cat?post=98431"},{"taxonomy":"product_tag","embeddable":true,"href":"https:\/\/www.hirtenberg-apotheke.at\/katalog\/wp-json\/wp\/v2\/product_tag?post=98431"}],"curies":[{"name":"wp","href":"https:\/\/api.w.org\/{rel}","templated":true}]}}