{"id":99662,"date":"2025-12-02T22:36:57","date_gmt":"2025-12-02T21:36:57","guid":{"rendered":"https:\/\/www.hirtenberg-apotheke.at\/katalog\/produkt\/melkfett-dr-kellers-mit-azilen-kamillenwirkstoff-eimer-1l\/"},"modified":"2025-12-02T22:37:01","modified_gmt":"2025-12-02T21:37:01","slug":"melkfett-dr-kellers-mit-azilen-kamillenwirkstoff-eimer-1l","status":"publish","type":"product","link":"https:\/\/www.hirtenberg-apotheke.at\/katalog\/produkt\/melkfett-dr-kellers-mit-azilen-kamillenwirkstoff-eimer-1l\/","title":{"rendered":"Melkfett Dr. Kellers (mit Azilen-Kamillenwirkstoff) Eimer 1L"},"content":{"rendered":"<p>Melkfett Dr. Keller&#8217;s (mit Azilen-Kamillenwirkstoff) ist ein hervorragendes Pflegemittel f\u00fcr Euter und H\u00e4nde. Es ist aber auch bestens zur Pfotenpflege bei Hunden geeignet. Enh\u00e4lt Azilen Kamillenwirkstoff.<\/p>\n","protected":false},"excerpt":{"rendered":"<p>Melkfett Dr. Keller&#8217;s (mit Azilen-Kamillenwirkstoff) ist ein hervorragendes Pflegemittel f\u00fcr Euter und H\u00e4nde. Es ist aber auch bestens zur Pfotenpflege bei Hunden geeignet. Enh\u00e4lt Azilen Kamillenwirkstoff.<\/p>\n","protected":false},"featured_media":99664,"template":"","meta":{"_acf_changed":false},"product_brand":[],"product_cat":[308],"product_tag":[],"class_list":{"0":"post-99662","1":"product","2":"type-product","3":"status-publish","4":"has-post-thumbnail","6":"product_cat-m","7":"pa_packungsgroesse-1l","9":"first","10":"instock","11":"shipping-taxable","12":"purchasable","13":"product-type-simple"},"acf":[],"_links":{"self":[{"href":"https:\/\/www.hirtenberg-apotheke.at\/katalog\/wp-json\/wp\/v2\/product\/99662","targetHints":{"allow":["GET"]}}],"collection":[{"href":"https:\/\/www.hirtenberg-apotheke.at\/katalog\/wp-json\/wp\/v2\/product"}],"about":[{"href":"https:\/\/www.hirtenberg-apotheke.at\/katalog\/wp-json\/wp\/v2\/types\/product"}],"wp:featuredmedia":[{"embeddable":true,"href":"https:\/\/www.hirtenberg-apotheke.at\/katalog\/wp-json\/wp\/v2\/media\/99664"}],"wp:attachment":[{"href":"https:\/\/www.hirtenberg-apotheke.at\/katalog\/wp-json\/wp\/v2\/media?parent=99662"}],"wp:term":[{"taxonomy":"product_brand","embeddable":true,"href":"https:\/\/www.hirtenberg-apotheke.at\/katalog\/wp-json\/wp\/v2\/product_brand?post=99662"},{"taxonomy":"product_cat","embeddable":true,"href":"https:\/\/www.hirtenberg-apotheke.at\/katalog\/wp-json\/wp\/v2\/product_cat?post=99662"},{"taxonomy":"product_tag","embeddable":true,"href":"https:\/\/www.hirtenberg-apotheke.at\/katalog\/wp-json\/wp\/v2\/product_tag?post=99662"}],"curies":[{"name":"wp","href":"https:\/\/api.w.org\/{rel}","templated":true}]}}